000
CDUS42 KRAH 190645
CLIFAY


CLIMATE REPORT
NATIONAL WEATHER SERVICE RALEIGH NC
245 AM EDT SUN APR 19 2015


...................................

...THE FAYETTEVILLE REGL AIRPORT NC CLIMATE SUMMARY FOR APRIL 18 2015...

CLIMATE NORMAL PERIOD 1981 TO 2010
CLIMATE RECORD PERIOD 1910 TO 2015


WEATHER ITEM   OBSERVED TIME   RECORD YEAR NORMAL DEPARTURE LAST
                VALUE   (LST)  VALUE       VALUE  FROM      YEAR
                                                  NORMAL
..................................................................
TEMPERATURE (F)
 YESTERDAY
  MAXIMUM         76   1130 AM  93    1941  76      0       66
  MINIMUM         64    359 AM  33    2001  51     13       42
  AVERAGE         70                        63      7       54

PRECIPITATION (IN)
  YESTERDAY        0.22          3.13 1939   0.09   0.13     0.54
  MONTH TO DATE    1.35                      1.85  -0.50     1.89
  SINCE MAR 1      4.05                      5.40  -1.35     5.53
  SINCE JAN 1     11.70                     11.46   0.24    12.25

DEGREE DAYS
 HEATING
  YESTERDAY        0                         4     -4       11
  MONTH TO DATE   48                       101    -53       79
  SINCE MAR 1    389                       445    -56      576
  SINCE JUL 1   2885                      2670    215     2901

 COOLING
  YESTERDAY        5                         2      3        0
  MONTH TO DATE   62                        30     32       35
  SINCE MAR 1     79                        42     37       36
  SINCE JAN 1     79                        46     33       39
..................................................................


WIND (MPH)
  HIGHEST WIND SPEED    15   HIGHEST WIND DIRECTION    SE (120)
  HIGHEST GUST SPEED    19   HIGHEST GUST DIRECTION     S (190)
  AVERAGE WIND SPEED     3.1


SKY COVER
  POSSIBLE SUNSHINE  MM
  AVERAGE SKY COVER 0.6


WEATHER CONDITIONS
 THE FOLLOWING WEATHER WAS RECORDED YESTERDAY.
  HEAVY RAIN
  RAIN
  LIGHT RAIN
  FOG


RELATIVE HUMIDITY (PERCENT)
 HIGHEST   100           500 AM
 LOWEST     68          1000 AM
 AVERAGE    84

..........................................................


THE FAYETTEVILLE REGL AIRPORT NC CLIMATE NORMALS FOR TODAY
                         NORMAL    RECORD    YEAR
 MAXIMUM TEMPERATURE (F)   76        94      1941
 MINIMUM TEMPERATURE (F)   51        30      2001


SUNRISE AND SUNSET
APRIL 19 2015.........SUNRISE   639 AM EDT   SUNSET   751 PM EDT
APRIL 20 2015.........SUNRISE   638 AM EDT   SUNSET   752 PM EDT


-  INDICATES NEGATIVE NUMBERS.
R  INDICATES RECORD WAS SET OR TIED.
MM INDICATES DATA IS MISSING.
T  INDICATES TRACE AMOUNT.




$$
