000
CDUS43 KFGF 252146
CLIFGF


CLIMATE REPORT
NATIONAL WEATHER SERVICE EASTERN NORTH DAKOTA/GRAND FORKS
446 PM CDT SAT APR 25 2015


...................................

...THE GRAND FORKS UNIV. (NWS) ND CLIMATE SUMMARY FOR APRIL 25 2015...
VALID TODAY AS OF 0400 PM LOCAL TIME.

CLIMATE NORMAL PERIOD 1981 TO 2010
CLIMATE RECORD PERIOD 1890 TO 2015


WEATHER ITEM   OBSERVED TIME   RECORD YEAR NORMAL DEPARTURE LAST
                VALUE   (LST)  VALUE       VALUE  FROM      YEAR
                                                  NORMAL
..................................................................
TEMPERATURE (F)
 TODAY
  MAXIMUM         64        MM  80    1906  60      4       48
  MINIMUM         43        MM  17    1958  36      7       35
  AVERAGE         54                        48      6       42

PRECIPITATION (IN)
  TODAY            0.00          0.87   MM   0.04  -0.04     0.00
  MONTH TO DATE    0.50                      0.75  -0.25     0.87
  SINCE MAR 1      0.84                      1.77  -0.93     1.98
  SINCE JAN 1      1.37                      3.07  -1.70     2.71

SNOWFALL (IN)
  TODAY            0.0           5.9    MM   0.0    0.0      0.0
  MONTH TO DATE    0.3                       0.9   -0.6      1.1
  SINCE MAR 1      3.0                       7.3   -4.3     14.6
  SINCE JUL 1     19.3                      42.6  -23.3     60.3
  SNOW DEPTH       0

DEGREE DAYS
 HEATING
  TODAY           11                        17     -6       23
  MONTH TO DATE  533                       583    -50      698
  SINCE MAR 1   1560                      1789   -229     2134
  SINCE JUL 1   8409                      8749   -340     9880

 COOLING
  TODAY            0                         0      0        0
  MONTH TO DATE    0                         0      0        0
  SINCE MAR 1      0                         0      0        0
  SINCE JAN 1      0                         0      0        0
..................................................................


WIND (MPH)
  HIGHEST WIND SPEED    MM   HIGHEST WIND DIRECTION    MM
  HIGHEST GUST SPEED    MM   HIGHEST GUST DIRECTION    MM
  AVERAGE WIND SPEED    MM


SKY COVER
  POSSIBLE SUNSHINE  MM
  AVERAGE SKY COVER  MM


WEATHER CONDITIONS
 THE FOLLOWING WEATHER WAS RECORDED TODAY.
  NO SIGNIFICANT WEATHER WAS OBSERVED.


RELATIVE HUMIDITY (PERCENT)
 HIGHEST    MM
 LOWEST     MM
 AVERAGE    MM

..........................................................


THE GRAND FORKS UNIV. (NWS) ND CLIMATE NORMALS FOR TOMORROW
                         NORMAL    RECORD    YEAR
 MAXIMUM TEMPERATURE (F)   61        91      1952
 MINIMUM TEMPERATURE (F)   36        18      1931


SUNRISE AND SUNSET
APRIL 25 2015.........SUNRISE   621 AM CDT   SUNSET   833 PM CDT
APRIL 26 2015.........SUNRISE   619 AM CDT   SUNSET   834 PM CDT


-  INDICATES NEGATIVE NUMBERS.
R  INDICATES RECORD WAS SET OR TIED.
MM INDICATES DATA IS MISSING.
T  INDICATES TRACE AMOUNT.




$$
