000
CDUS42 KMFL 062021
CLIFLL


CLIMATE REPORT
NATIONAL WEATHER SERVICE MIAMI, FL
421 PM EDT WED MAY 6 2015


...................................

...THE FORT LAUDERDALE CLIMATE SUMMARY FOR MAY 6 2015...
VALID TODAY AS OF 0400 PM LOCAL TIME.

CLIMATE NORMAL PERIOD 1981 TO 2010
CLIMATE RECORD PERIOD 1839 TO 2015


WEATHER ITEM   OBSERVED TIME   RECORD YEAR NORMAL DEPARTURE LAST
                VALUE   (LST)  VALUE       VALUE  FROM      YEAR
                                                  NORMAL
..................................................................
TEMPERATURE (F)
 TODAY
  MAXIMUM         83    222 PM  91    1978  85     -2       84
  MINIMUM         69    634 AM  51    1921  73     -4       69
  AVERAGE         76                        79     -3       77

PRECIPITATION (IN)
  TODAY            0.13          1.60 1929   0.08   0.05     0.00
  MONTH TO DATE    0.86                      0.44   0.42     1.81
  SINCE NOV 1     18.05                     18.98  -0.93    26.32
  SINCE JAN 1     12.94                     13.28  -0.34    14.20

SNOWFALL (IN)
  TODAY            0.0
  MONTH TO DATE    0.0
  SINCE MAR 1      0.0
  SINCE JUL 1      0.0
  SNOW DEPTH       0

DEGREE DAYS
 HEATING
  TODAY            0                         0      0        0
  MONTH TO DATE    0                         0      0        0
  SINCE MAR 1      0                        10    -10        1
  SINCE JUL 1     97                       112    -15       81

 COOLING
  TODAY           11                        14     -3       12
  MONTH TO DATE   64                        80    -16       89
  SINCE MAR 1    844                       671    173      753
  SINCE JAN 1   1125                      1027     98     1141
..................................................................


WIND (MPH)
  HIGHEST WIND SPEED    17   HIGHEST WIND DIRECTION     N (20)
  HIGHEST GUST SPEED    22   HIGHEST GUST DIRECTION     N (10)
  AVERAGE WIND SPEED     8.6


SKY COVER
  AVERAGE SKY COVER 0.8


WEATHER CONDITIONS
 THE FOLLOWING WEATHER WAS RECORDED TODAY.
  RAIN
  LIGHT RAIN
  FOG


RELATIVE HUMIDITY (PERCENT)
 HIGHEST   100
 LOWEST     58
 AVERAGE    79

..........................................................


THE FORT LAUDERDALE CLIMATE NORMALS FOR TOMORROW
                         NORMAL    RECORD    YEAR
 MAXIMUM TEMPERATURE (F)   85        92      1956
                                             1948
                                             1914
 MINIMUM TEMPERATURE (F)   73        52      1921


SUNRISE AND SUNSET
MAY  6 2015...........SUNRISE   640 AM EDT   SUNSET   755 PM EDT
MAY  7 2015...........SUNRISE   639 AM EDT   SUNSET   755 PM EDT


-  INDICATES NEGATIVE NUMBERS.
R  INDICATES RECORD WAS SET OR TIED.
MM INDICATES DATA IS MISSING.
T  INDICATES TRACE AMOUNT.




$$
