000
CDUS44 KTSA 050800
CLIFSM

CLIMATE REPORT
NATIONAL WEATHER SERVICE TULSA OK
147 AM CDT TUE MAY 5 2015


...................................

...THE FORT SMITH ARKANSAS CLIMATE SUMMARY FOR MAY 4 2015...

CLIMATE NORMAL PERIOD 1981 TO 2010
CLIMATE RECORD PERIOD 1882 TO 2015


WEATHER ITEM   OBSERVED TIME   RECORD YEAR NORMAL DEPARTURE LAST
                VALUE   (LST)  VALUE       VALUE  FROM      YEAR
                                                  NORMAL
..................................................................
TEMPERATURE (F)
 YESTERDAY
  MAXIMUM         84    231 PM  93    2014  78      6       93
  MINIMUM         60    600 AM  35    1954  56      4       52
  AVERAGE         72                        67      5       73

PRECIPITATION (IN)
  YESTERDAY        0.00          2.41 1935   0.18  -0.18     0.00
  MONTH TO DATE    0.00                      0.71  -0.71      T
  SINCE MAR 1      8.79                      8.86  -0.07     6.79
  SINCE JAN 1     13.40                     14.43  -1.03     8.56

DEGREE DAYS
 COOLING
  YESTERDAY        7                         3      4        8
  MONTH TO DATE   13                        12      1        8
  SINCE MAR 1     81                        77      4       59
  SINCE JAN 1     81                        78      3       59
..................................................................


WIND (MPH)
  HIGHEST WIND SPEED    15   HIGHEST WIND DIRECTION     S (170)
  HIGHEST GUST SPEED    19   HIGHEST GUST DIRECTION     S (200)
  AVERAGE WIND SPEED     5.1


SKY COVER
  POSSIBLE SUNSHINE  MM
  AVERAGE SKY COVER 0.3


WEATHER CONDITIONS
 THE FOLLOWING WEATHER WAS RECORDED YESTERDAY.
  NO SIGNIFICANT WEATHER WAS OBSERVED.


RELATIVE HUMIDITY (PERCENT)
 HIGHEST    90           500 AM
 LOWEST     33           400 PM
 AVERAGE    62

..........................................................


THE FORT SMITH ARKANSAS CLIMATE NORMALS FOR TODAY
                         NORMAL    RECORD    YEAR
 MAXIMUM TEMPERATURE (F)   78        93      2014
 MINIMUM TEMPERATURE (F)   56        39      2013


SUNRISE AND SUNSET
MAY  5 2015...........SUNRISE   622 AM CDT   SUNSET   807 PM CDT
MAY  6 2015...........SUNRISE   621 AM CDT   SUNSET   807 PM CDT


-  INDICATES NEGATIVE NUMBERS.
R  INDICATES RECORD WAS SET OR TIED.
MM INDICATES DATA IS MISSING.
T  INDICATES TRACE AMOUNT.




$$

&&
...........................................................

THE ARKANSAS RIVER AT VAN BUREN

                   OBSERVED      24 HOUR     24 HOUR
                    VALUE        CHANGE      FORECAST

 STAGE (FEET)
  THIS MORNING       19.1         -0.5

MEAN FLOW (CFS)
  TODAY                                        9900
...........................................................
ALL DATA MEASURED AT THE FORT SMITH REGIONAL AIRPORT
