000
CDUS43 KDDC 042328
CLIGCK


CLIMATE REPORT
NATIONAL WEATHER SERVICE DODGE CITY KS
628 PM CDT MON MAY 4 2015


...................................

...THE GARDEN CITY REGIONAL ARPT KS CLIMATE SUMMARY FOR MAY 4 2015...
VALID TODAY AS OF 0500 PM LOCAL TIME.

CLIMATE NORMAL PERIOD 1981 TO 2010
CLIMATE RECORD PERIOD 1948 TO 2015


WEATHER ITEM   OBSERVED TIME   RECORD YEAR NORMAL DEPARTURE LAST
                VALUE   (LST)  VALUE       VALUE  FROM      YEAR
                                                  NORMAL
..................................................................
TEMPERATURE (F)
 TODAY
  MAXIMUM         80    311 PM  97    2014  73      7       97
  MINIMUM         57    636 AM  27    2013  46     11       48
  AVERAGE         69                        59     10       73

PRECIPITATION (IN)
  TODAY            0.00          0.63 1961   0.08  -0.08     0.00
  MONTH TO DATE    0.04                      0.30  -0.26     0.00
  SINCE MAR 1      0.72                      3.48  -2.76     0.51
  SINCE JAN 1      1.49                      4.36  -2.87     0.67

DEGREE DAYS
 HEATING
  TODAY            0                         7     -7        0
  MONTH TO DATE    0                        29    -29       27
  SINCE MAR 1    880                      1067   -187     1122
  SINCE JUL 1   4788                      5091   -303     5298

 COOLING
  TODAY            4                         1      3        8
  MONTH TO DATE   14                         4     10       11
  SINCE MAR 1     21                        16      5       32
  SINCE JAN 1     21                        16      5       32
..................................................................


WIND (MPH)
  HIGHEST WIND SPEED    21   HIGHEST WIND DIRECTION    SE (150)
  HIGHEST GUST SPEED    28   HIGHEST GUST DIRECTION    SW (210)
  AVERAGE WIND SPEED    11.5



WEATHER CONDITIONS
 THE FOLLOWING WEATHER WAS RECORDED TODAY.
  THUNDERSTORM


RELATIVE HUMIDITY (PERCENT)
 HIGHEST    93           100 AM
 LOWEST     33           300 PM
 AVERAGE    63

..........................................................


THE GARDEN CITY REGIONAL ARPT KS CLIMATE NORMALS FOR TOMORROW
                         NORMAL    RECORD    YEAR
 MAXIMUM TEMPERATURE (F)   73        95      2012
 MINIMUM TEMPERATURE (F)   46        28      2013


SUNRISE AND SUNSET
MAY  4 2015...........SUNRISE   644 AM CDT   SUNSET   836 PM CDT
MAY  5 2015...........SUNRISE   643 AM CDT   SUNSET   837 PM CDT


-  INDICATES NEGATIVE NUMBERS.
R  INDICATES RECORD WAS SET OR TIED.
MM INDICATES DATA IS MISSING.
T  INDICATES TRACE AMOUNT.




$$
