000
CDUS43 KIND 280532
CLIGEZ


CLIMATE REPORT
NATIONAL WEATHER SERVICE INDIANAPOLIS IN
132 AM EDT TUE APR 28 2015


...................................

...THE SHELBYVILLE IN CLIMATE SUMMARY FOR APRIL 27 2015...

CLIMATE NORMAL PERIOD 1981 TO 2010
CLIMATE RECORD PERIOD 9999 TO 9999


WEATHER ITEM   OBSERVED TIME   NORMAL DEPARTURE LAST
                VALUE   (LST)  VALUE  FROM      YEAR
                                      NORMAL
......................................................
TEMPERATURE (F)
 YESTERDAY
  MAXIMUM         61    119 PM  67     -6       79
  MINIMUM         36    549 AM  46    -10       48
  AVERAGE         49            57     -8       64

PRECIPITATION (IN)
  YESTERDAY        0.00          0.17  -0.17      T
  MONTH TO DATE    4.67          3.74   0.93     4.34
  SINCE MAR 1      8.53          7.17   1.36     6.40
  SINCE JAN 1     11.55         11.92  -0.37    10.28

DEGREE DAYS
 HEATING
  YESTERDAY       16             9      7        1
  MONTH TO DATE  247           352   -105      271
  SINCE MAR 1   1017          1072    -55     1089
  SINCE JUL 1   5458          5235    223     5587

 COOLING
  YESTERDAY        0             0      0        0
  MONTH TO DATE    8             0      8       10
  SINCE MAR 1      8             1      7       10
  SINCE JAN 1      8             1      7       10
......................................................


WIND (MPH)
  HIGHEST WIND SPEED    20   HIGHEST WIND DIRECTION    NW (330)
  HIGHEST GUST SPEED    26   HIGHEST GUST DIRECTION    NW (330)
  AVERAGE WIND SPEED    10.3


SKY COVER
  AVERAGE SKY COVER 0.5


WEATHER CONDITIONS
 THE FOLLOWING WEATHER WAS RECORDED YESTERDAY.
  NO SIGNIFICANT WEATHER WAS OBSERVED.


RELATIVE HUMIDITY (PERCENT)
 HIGHEST    76           500 AM
 LOWEST     46           100 PM
 AVERAGE    61

..........................................................


THE SHELBYVILLE IN CLIMATE NORMALS FOR TODAY
                         NORMAL
 MAXIMUM TEMPERATURE (F)   68
 MINIMUM TEMPERATURE (F)   46


SUNRISE AND SUNSET
APRIL 28 2015.........SUNRISE   648 AM EDT   SUNSET   834 PM EDT
APRIL 29 2015.........SUNRISE   647 AM EDT   SUNSET   835 PM EDT


-  INDICATES NEGATIVE NUMBERS.
R  INDICATES RECORD WAS SET OR TIED.
MM INDICATES DATA IS MISSING.
T  INDICATES TRACE AMOUNT.




$$
