000
CDUS43 KFGF 050635
CLIGFK


CLIMATE REPORT
NATIONAL WEATHER SERVICE EASTERN NORTH DAKOTA/GRAND FORKS
134 AM CDT TUE MAY 5 2015


...................................

...THE GRAND FORKS INTL AP ND CLIMATE SUMMARY FOR MAY 4 2015...

CLIMATE NORMAL PERIOD 1981 TO 2010
CLIMATE RECORD PERIOD 1941 TO 2015


WEATHER ITEM   OBSERVED TIME   RECORD YEAR NORMAL DEPARTURE LAST
                VALUE   (LST)  VALUE       VALUE  FROM      YEAR
                                                  NORMAL
..................................................................
TEMPERATURE (F)
 YESTERDAY
  MAXIMUM         70    523 PM  95    1985  64      6       49
  MINIMUM         31    535 AM  21    1921  37     -6       25
  AVERAGE         51                        51      0       37

PRECIPITATION (IN)
  YESTERDAY        0.00          1.40 1905   0.07  -0.07     0.18
  MONTH TO DATE    0.02                      0.26  -0.24     0.20
  SINCE MAR 1      1.06                      2.23  -1.17     3.75
  SINCE JAN 1      1.88                      3.30  -1.42     4.82

SNOWFALL (IN)
  YESTERDAY        0.0          MM      MM   0.0    0.0     MM
  MONTH TO DATE    0.0                       0.0    0.0      0.0
  SINCE MAR 1      2.7                      10.1   -7.4     14.6
  SINCE JUL 1     17.0                      47.3  -30.3     60.3
  SNOW DEPTH       0

DEGREE DAYS
 HEATING
  YESTERDAY       14                        15     -1       28
  MONTH TO DATE   32                        61    -29       87
  SINCE MAR 1   1690                      1989   -299     2366
  SINCE JUL 1   8607                      9139   -532    10261

 COOLING
  YESTERDAY        0                         0      0        0
  MONTH TO DATE    0                         0      0        0
  SINCE MAR 1      0                         1     -1        0
  SINCE JAN 1      0                         1     -1        0
..................................................................


WIND (MPH)
  HIGHEST WIND SPEED    12   HIGHEST WIND DIRECTION     W (290)
  HIGHEST GUST SPEED    16   HIGHEST GUST DIRECTION    NW (300)
  AVERAGE WIND SPEED     3.6


SKY COVER
  POSSIBLE SUNSHINE  MM
  AVERAGE SKY COVER 0.1


WEATHER CONDITIONS
 THE FOLLOWING WEATHER WAS RECORDED YESTERDAY.
  NO SIGNIFICANT WEATHER WAS OBSERVED.


RELATIVE HUMIDITY (PERCENT)
 HIGHEST    89           600 AM
 LOWEST     18           400 PM
 AVERAGE    54

..........................................................


THE GRAND FORKS INTL AP ND CLIMATE NORMALS FOR TODAY
                         NORMAL    RECORD    YEAR
 MAXIMUM TEMPERATURE (F)   65        96      1926
 MINIMUM TEMPERATURE (F)   37        20      2008
                                             1929


SUNRISE AND SUNSET
MAY  5 2015...........SUNRISE   605 AM CDT   SUNSET   847 PM CDT
MAY  6 2015...........SUNRISE   603 AM CDT   SUNSET   848 PM CDT


-  INDICATES NEGATIVE NUMBERS.
R  INDICATES RECORD WAS SET OR TIED.
MM INDICATES DATA IS MISSING.
T  INDICATES TRACE AMOUNT.




$$
