000
CDUS45 KGGW 060015
CLIGGW


CLIMATE REPORT
NATIONAL WEATHER SERVICE GLASGOW MT
615 PM MDT TUE MAY 5 2015


...................................

...THE GLASGOW MT CLIMATE SUMMARY FOR MAY 5 2015...
VALID TODAY AS OF 0500 PM LOCAL TIME.

CLIMATE NORMAL PERIOD 1981 TO 2010
CLIMATE RECORD PERIOD 1893 TO 2015


WEATHER ITEM   OBSERVED TIME   RECORD YEAR NORMAL DEPARTURE LAST
                VALUE   (LST)  VALUE       VALUE  FROM      YEAR
                                                  NORMAL
..................................................................
TEMPERATURE (F)
 TODAY
  MAXIMUM         80        MM  89    1918  65     15       59
                                      1897
  MINIMUM         44        MM  20    1913  38      6       36
                                      1906
  AVERAGE         62                        52     10       48

PRECIPITATION (IN)
  TODAY            0.00          0.89 1924   0.04  -0.04      T
  MONTH TO DATE    0.00                      0.22  -0.22     0.38
  SINCE OCT 1      4.26                      3.67   0.59     3.82
  SINCE JAN 1      3.00                      2.12   0.88     2.37

SNOWFALL (IN)
  TODAY            0.0           5.0  1956   0.1   -0.1      0.0
  MONTH TO DATE    0.0                       0.3   -0.3       T
  SINCE MAR 1      8.1                       6.9    1.2      6.6
  SINCE JUL 1     43.2                      33.9    9.3     30.4
  SNOW DEPTH       0

DEGREE DAYS
 HEATING
  TODAY            3                        14    -11       17
  MONTH TO DATE   43                        72    -29       96
  SINCE MAR 1   1384                      1709   -325     1917
  SINCE JUL 1   7468                      8079   -611     8565

 COOLING
  TODAY            0                         0      0        0
  MONTH TO DATE    0                         0      0        0
  SINCE MAR 1      0                         1     -1        0
  SINCE JAN 1      0                         1     -1        0
..................................................................


WIND (MPH)
  HIGHEST WIND SPEED    17   HIGHEST WIND DIRECTION     E (110)
  HIGHEST GUST SPEED    MM   HIGHEST GUST DIRECTION    MM
  AVERAGE WIND SPEED    14.5


SKY COVER
  POSSIBLE SUNSHINE  MM
  AVERAGE SKY COVER 0.0


WEATHER CONDITIONS
 THE FOLLOWING WEATHER WAS RECORDED TODAY.
  NO SIGNIFICANT WEATHER WAS OBSERVED.


RELATIVE HUMIDITY (PERCENT)
 HIGHEST    70           300 AM
 LOWEST     26           100 PM
 AVERAGE    48

..........................................................


THE GLASGOW MT CLIMATE NORMALS FOR TOMORROW
                         NORMAL    RECORD    YEAR
 MAXIMUM TEMPERATURE (F)   65        93      1992
 MINIMUM TEMPERATURE (F)   39        15      1929


SUNRISE AND SUNSET
MAY  5 2015...........SUNRISE   542 AM MDT   SUNSET   826 PM MDT
MAY  6 2015...........SUNRISE   540 AM MDT   SUNSET   827 PM MDT


-  INDICATES NEGATIVE NUMBERS.
R  INDICATES RECORD WAS SET OR TIED.
MM INDICATES DATA IS MISSING.
T  INDICATES TRACE AMOUNT.




$$
