000
CDUS45 KGJT 182341
CLIGJT


CLIMATE REPORT
NATIONAL WEATHER SERVICE GRAND JUNCTION CO
530 PM MDT SAT APR 18 2015


...................................

...THE GRAND JUNCTION CO CLIMATE SUMMARY FOR APRIL 18 2015...
VALID TODAY AS OF 0500 PM LOCAL TIME.

CLIMATE NORMAL PERIOD 1981 TO 2010
CLIMATE RECORD PERIOD 1893 TO 2015


WEATHER ITEM   OBSERVED TIME   RECORD YEAR NORMAL DEPARTURE LAST
                VALUE   (LST)  VALUE       VALUE  FROM      YEAR
                                                  NORMAL
..................................................................
TEMPERATURE (F)
 TODAY
  MAXIMUM         46    357 PM  84    1946  66    -20       76
  MINIMUM         32    530 AM  22    1922  39     -7       43
  AVERAGE         39                        52    -13       60

PRECIPITATION (IN)
  TODAY            0.01          0.37 1975   0.03  -0.02     0.00
  MONTH TO DATE    1.07                      0.57   0.50     0.58
  SINCE MAR 1      1.34                      1.49  -0.15     0.68
  SINCE JAN 1      2.20                      2.61  -0.41     2.06

SNOWFALL (IN)
  TODAY            0.0           3.6  1975   0.0    0.0      0.0
  MONTH TO DATE    2.0                       0.8    1.2       T
  SINCE MAR 1      3.9                       3.4    0.5       T
  SINCE JUL 1     12.5                      18.9   -6.4     25.7
  SNOW DEPTH       0

DEGREE DAYS
 HEATING
  TODAY           26                        13     13        5
  MONTH TO DATE  307                       273     34      294
  SINCE MAR 1    830                       926    -96      946
  SINCE JUL 1   4815                      5305   -490     5884

 COOLING
  TODAY            0                         0      0        0
  MONTH TO DATE    0                         0      0        0
  SINCE MAR 1      0                         0      0        0
  SINCE JAN 1      0                         0      0        0
..................................................................


WIND (MPH)
  HIGHEST WIND SPEED    13   HIGHEST WIND DIRECTION    SE (130)
  HIGHEST GUST SPEED    16   HIGHEST GUST DIRECTION    SE (140)
  AVERAGE WIND SPEED     4.9


SKY COVER
  POSSIBLE SUNSHINE  MM
  AVERAGE SKY COVER 0.9


WEATHER CONDITIONS
 THE FOLLOWING WEATHER WAS RECORDED TODAY.
  LIGHT RAIN
  FOG
  FOG W/VISIBILITY <= 1/4 MILE


RELATIVE HUMIDITY (PERCENT)
 HIGHEST   100          1200 AM
 LOWEST     76           300 PM
 AVERAGE    88

..........................................................


THE GRAND JUNCTION CO CLIMATE NORMALS FOR TOMORROW
                         NORMAL    RECORD    YEAR
 MAXIMUM TEMPERATURE (F)   66        86      1962
 MINIMUM TEMPERATURE (F)   39        25      2013


SUNRISE AND SUNSET
APRIL 18 2015.........SUNRISE   633 AM MDT   SUNSET   754 PM MDT
APRIL 19 2015.........SUNRISE   632 AM MDT   SUNSET   755 PM MDT


-  INDICATES NEGATIVE NUMBERS.
R  INDICATES RECORD WAS SET OR TIED.
MM INDICATES DATA IS MISSING.
T  INDICATES TRACE AMOUNT.




$$
