000
CDUS44 KJAN 050730
CLIGLH


CLIMATE REPORT
NATIONAL WEATHER SERVICE JACKSON MS
229 AM CDT TUE MAY 5 2015


...................................

...THE GREENVILLE CLIMATE SUMMARY FOR MAY 4 2015...

CLIMATE NORMAL PERIOD 1981 TO 2010
CLIMATE RECORD PERIOD 1920 TO 2015


WEATHER ITEM   OBSERVED TIME   RECORD YEAR NORMAL DEPARTURE LAST
                VALUE   (LST)  VALUE       VALUE  FROM      YEAR
                                                  NORMAL
..................................................................
TEMPERATURE (F)
 YESTERDAY
  MAXIMUM         84    507 PM  92    1943  79      5       87
  MINIMUM         61   1258 AM  36    2013  59      2       55
  AVERAGE         73                        69      4       71

PRECIPITATION (IN)
  YESTERDAY        0.00          2.90 1979   0.18  -0.18     0.00
  MONTH TO DATE    0.00                      0.71  -0.71     0.00
  SINCE MAR 1      8.89                     10.07  -1.18    14.58
  SINCE JAN 1     15.34                     20.06  -4.72    18.88

SNOWFALL (IN)
  YESTERDAY        0.0

DEGREE DAYS
 HEATING
  YESTERDAY        0                         1     -1        0
  MONTH TO DATE    3                         4     -1       12
  SINCE MAR 1    377                       456    -79      580
  SINCE JUL 1   2864                      2765     99     3187

 COOLING
  YESTERDAY        8                         5      3        6
  MONTH TO DATE   11                        19     -8        7
  SINCE MAR 1    109                       100      9       81
  SINCE JAN 1    109                       105      4       81
..................................................................


WIND (MPH)
  HIGHEST WIND SPEED    15   HIGHEST WIND DIRECTION    SE (140)
  HIGHEST GUST SPEED    20   HIGHEST GUST DIRECTION    SE (150)
  AVERAGE WIND SPEED     7.4


SKY COVER
  POSSIBLE SUNSHINE  MM
  AVERAGE SKY COVER 0.3


WEATHER CONDITIONS
 THE FOLLOWING WEATHER WAS RECORDED YESTERDAY.
  NO SIGNIFICANT WEATHER WAS OBSERVED.


RELATIVE HUMIDITY (PERCENT)
 HIGHEST    84           100 AM
 LOWEST     31          1200 PM
 AVERAGE    58

..........................................................


THE GREENVILLE CLIMATE NORMALS FOR TODAY
                         NORMAL    RECORD    YEAR
 MAXIMUM TEMPERATURE (F)   80        93      1943
 MINIMUM TEMPERATURE (F)   59        43      1957
                                             1921


SUNRISE AND SUNSET
MAY  5 2015...........SUNRISE   612 AM CDT   SUNSET   750 PM CDT
MAY  6 2015...........SUNRISE   611 AM CDT   SUNSET   750 PM CDT


-  INDICATES NEGATIVE NUMBERS.
R  INDICATES RECORD WAS SET OR TIED.
MM INDICATES DATA IS MISSING.
T  INDICATES TRACE AMOUNT.




$$
