000
CDUS43 KGID 060714
CLIGRI


CLIMATE REPORT
NATIONAL WEATHER SERVICE HASTINGS NE
214 AM CDT WED MAY 6 2015


...................................

...THE GRAND ISLAND NE CLIMATE SUMMARY FOR MAY 5 2015...

CLIMATE NORMAL PERIOD 1981 TO 2010
CLIMATE RECORD PERIOD 1895 TO 2015


WEATHER ITEM   OBSERVED TIME   RECORD YEAR NORMAL DEPARTURE LAST
                VALUE   (LST)  VALUE       VALUE  FROM      YEAR
                                                  NORMAL
..................................................................
TEMPERATURE (F)
 YESTERDAY
  MAXIMUM         75    141 PM  95    2012  69      6       74
  MINIMUM         54   1239 AM  29    1944  46      8       42
  AVERAGE         65                        58      7       58

PRECIPITATION (IN)
  YESTERDAY        T             1.93 1960   0.13  -0.13     0.00
  MONTH TO DATE    1.70                      0.61   1.09     0.00
  SINCE MAR 1      4.00                      4.94  -0.94     3.10
  SINCE JAN 1      5.17                      6.15  -0.98     3.75

SNOWFALL (IN)
  YESTERDAY        0.0           T    1950   0.1   -0.1      0.0
  MONTH TO DATE    0.0                       0.1   -0.1      0.0
  SINCE MAR 1      1.4                       7.0   -5.6      2.9
  SINCE JUL 1     24.3                      29.1   -4.8     16.4
  SNOW DEPTH       0

DEGREE DAYS
 HEATING
  YESTERDAY        0                         8     -8        7
  MONTH TO DATE    9                        45    -36       42
  SINCE MAR 1   1035                      1286   -251     1292
  SINCE JUL 1   5772                      6047   -275     6127

 COOLING
  YESTERDAY        0                         1     -1        0
  MONTH TO DATE   14                         5      9        0
  SINCE MAR 1     18                        16      2        4
  SINCE JAN 1     18                        16      2        4
..................................................................


WIND (MPH)
  HIGHEST WIND SPEED    23   HIGHEST WIND DIRECTION    SE (140)
  HIGHEST GUST SPEED    32   HIGHEST GUST DIRECTION    SE (140)
  AVERAGE WIND SPEED    10.5


SKY COVER
  AVERAGE SKY COVER 0.7


WEATHER CONDITIONS
 THE FOLLOWING WEATHER WAS RECORDED YESTERDAY.
  LIGHT RAIN
  FOG
  FOG W/VISIBILITY <= 1/4 MILE


RELATIVE HUMIDITY (PERCENT)
 HIGHEST   100           200 AM
 LOWEST     46           400 PM
 AVERAGE    73

..........................................................


THE GRAND ISLAND NE CLIMATE NORMALS FOR TODAY
                         NORMAL    RECORD    YEAR
 MAXIMUM TEMPERATURE (F)   70        95      1934
                                             1909
 MINIMUM TEMPERATURE (F)   46        28      1989
                                             1944


SUNRISE AND SUNSET
MAY  6 2015...........SUNRISE   625 AM CDT   SUNSET   835 PM CDT
MAY  7 2015...........SUNRISE   624 AM CDT   SUNSET   836 PM CDT


-  INDICATES NEGATIVE NUMBERS.
R  INDICATES RECORD WAS SET OR TIED.
MM INDICATES DATA IS MISSING.
T  INDICATES TRACE AMOUNT.




$$
