000
CDUS42 KRAH 191454
CLIGSO


CLIMATE REPORT
NATIONAL WEATHER SERVICE RALEIGH NC
1052 AM EDT SUN APR 19 2015


...................................

...THE PIEDMONT TRIAD INTL AIRPORT NC CLIMATE SUMMARY FOR APRIL 19 2015...
VALID AS OF 1052 AM LOCAL TIME.

CLIMATE NORMAL PERIOD 1981 TO 2010
CLIMATE RECORD PERIOD 1903 TO 2015


WEATHER ITEM   OBSERVED TIME   RECORD YEAR NORMAL DEPARTURE LAST
                VALUE   (LST)  VALUE       VALUE  FROM      YEAR
                                                  NORMAL
..................................................................
TEMPERATURE (F)
 TODAY
  MAXIMUM                       92    1917  71              60
  MINIMUM         64    854 AM  26    1983  48     16       46
  AVERAGE                                   60              53

PRECIPITATION (IN)
  TODAY            0.01          1.86 1943   0.12  -0.11     0.31
  MONTH TO DATE    1.51                      2.28  -0.77     3.91
  SINCE MAR 1      4.23                      6.01  -1.78     8.27
  SINCE JAN 1      8.91                     12.03  -3.12    14.49

SNOWFALL (IN)
  TODAY            0.0           0.0    MM   0.0    0.0      0.0
  MONTH TO DATE    0.0                       0.1   -0.1      0.0
  SINCE MAR 1      T                         0.9   -0.9      4.7
  SINCE JUL 1      9.6                       7.6    2.0     15.3
  SNOW DEPTH       0

..................................................................


WIND (MPH)
  RESULTANT WIND SPEED   5   RESULTANT WIND DIRECTION  SE (120)
  HIGHEST WIND SPEED    14   HIGHEST WIND DIRECTION     E (100)
  HIGHEST GUST SPEED    18   HIGHEST GUST DIRECTION     E (110)
  AVERAGE WIND SPEED     4.9


SKY COVER
  POSSIBLE SUNSHINE  MM
  AVERAGE SKY COVER 1.0


WEATHER CONDITIONS
 THE FOLLOWING WEATHER WAS RECORDED TODAY.
  LIGHT RAIN
  FOG


RELATIVE HUMIDITY (PERCENT)
 HIGHEST    93          1200 AM
 LOWEST     87           100 AM
 AVERAGE    90

..........................................................


THE PIEDMONT TRIAD INTL AIRPORT NC CLIMATE NORMALS FOR TOMORROW
                         NORMAL    RECORD    YEAR
 MAXIMUM TEMPERATURE (F)   72        94      1917
 MINIMUM TEMPERATURE (F)   49        28      1983


SUNRISE AND SUNSET
APRIL 19 2015.........SUNRISE   642 AM EDT   SUNSET   757 PM EDT
APRIL 20 2015.........SUNRISE   640 AM EDT   SUNSET   758 PM EDT


-  INDICATES NEGATIVE NUMBERS.
R  INDICATES RECORD WAS SET OR TIED.
MM INDICATES DATA IS MISSING.
T  INDICATES TRACE AMOUNT.




$$
