000
CDUS42 KGSP 260627
CLIGSP

CLIMATE REPORT
NATIONAL WEATHER SERVICE GREENVILLE-SPARTANBURG SC
227 AM EDT SUN APR 26 2015


...................................

...THE GREENVILLE-SPARTANBURG SC CLIMATE SUMMARY FOR APRIL 25 2015...

CLIMATE NORMAL PERIOD 1981 TO 2010
CLIMATE RECORD PERIOD 1884 TO 2015


WEATHER ITEM   OBSERVED TIME   RECORD YEAR NORMAL DEPARTURE LAST
                VALUE   (LST)  VALUE       VALUE  FROM      YEAR
                                                  NORMAL
..................................................................
TEMPERATURE (F)
 YESTERDAY
  MAXIMUM         63    637 PM  92    1960  75    -12       81
  MINIMUM         54    731 AM  32    1903  51      3       56
  AVERAGE         59                        63     -4       69

PRECIPITATION (IN)
  YESTERDAY        0.21          2.13 1939   0.11   0.10     0.00
  MONTH TO DATE    6.10                      2.81   3.29     4.87
  SINCE MAR 1      8.19                      7.33   0.86     8.96
  SINCE JAN 1     15.51                     15.12   0.39    15.20

SNOWFALL (IN)
  YESTERDAY        0.0           0.0    MM   0.0    0.0      0.0
  MONTH TO DATE    0.0                       0.0    0.0      0.0
  SINCE MAR 1      0.0                       0.9   -0.9       T
  SINCE JUL 1      3.7                       4.7   -1.0      7.2
  SNOW DEPTH       0

DEGREE DAYS
 HEATING
  YESTERDAY        6                         4      2        0
  MONTH TO DATE   74                       156    -82      136
  SINCE MAR 1    378                       540   -162      613
  SINCE JUL 1   2992                      2989      3     3172

 COOLING
  YESTERDAY        0                         2     -2        4
  MONTH TO DATE   50                        31     19       27
  SINCE MAR 1     56                        39     17       27
  SINCE JAN 1     56                        39     17       27
..................................................................


WIND (MPH)
  HIGHEST WIND SPEED    14   HIGHEST WIND DIRECTION    SW (210)
  HIGHEST GUST SPEED    16   HIGHEST GUST DIRECTION    SW (210)
  AVERAGE WIND SPEED     5.3


SKY COVER
  POSSIBLE SUNSHINE  MM
  AVERAGE SKY COVER 0.8


WEATHER CONDITIONS
 THE FOLLOWING WEATHER WAS RECORDED YESTERDAY.
  LIGHT RAIN
  FOG


RELATIVE HUMIDITY (PERCENT)
 HIGHEST   100           700 AM
 LOWEST     57          1200 AM
 AVERAGE    79

..........................................................


THE GREENVILLE-SPARTANBURG SC CLIMATE NORMALS FOR TODAY
                         NORMAL    RECORD    YEAR
 MAXIMUM TEMPERATURE (F)   75        89      1960
                                             1915
 MINIMUM TEMPERATURE (F)   51        34      1972
                                             1910


SUNRISE AND SUNSET
APRIL 26 2015.........SUNRISE   644 AM EDT   SUNSET   810 PM EDT
APRIL 27 2015.........SUNRISE   643 AM EDT   SUNSET   811 PM EDT


-  INDICATES NEGATIVE NUMBERS.
R  INDICATES RECORD WAS SET OR TIED.
MM INDICATES DATA IS MISSING.
T  INDICATES TRACE AMOUNT.




$$
