000
CDUS41 KLWX 210527
CLIHGR


CLIMATE REPORT
NATIONAL WEATHER SERVICE BALTIMORE MD/WASHINGTON DC
127 AM EDT TUE APR 21 2015


...................................

...THE HAGERSTOWN MD CLIMATE SUMMARY FOR APRIL 20 2015...

CLIMATE NORMAL PERIOD 1981 TO 2010
CLIMATE RECORD PERIOD 9999 TO 9999


WEATHER ITEM   OBSERVED TIME   RECORD YEAR NORMAL DEPARTURE LAST
                VALUE   (LST)  VALUE       VALUE  FROM      YEAR
                                                  NORMAL
..................................................................
TEMPERATURE (F)
 YESTERDAY
  MAXIMUM         78    506 PM  MM      MM  65     13       65
  MINIMUM         50    419 AM  MM      MM  44      6       42
  AVERAGE         64                        54     10       54

PRECIPITATION (IN)
  YESTERDAY        1.46         MM      MM   0.12   1.34     0.00
  MONTH TO DATE    2.88                      2.45   0.43     1.09
  SINCE MAR 1      5.18                      5.83  -0.65     2.76
  SINCE JAN 1      7.46                     11.06  -3.60     6.54

DEGREE DAYS
 HEATING
  YESTERDAY        1                        11    -10       11
  MONTH TO DATE  167                       285   -118      271
  SINCE MAR 1    948                      1014    -66     1130
  SINCE JUL 1   4954                      4917     37     5145

 COOLING
  YESTERDAY        0                         1     -1        0
  MONTH TO DATE    2                         2      0       10
  SINCE MAR 1      2                         3     -1       10
  SINCE JAN 1      2                         3     -1       10
..................................................................


WIND (MPH)
  HIGHEST WIND SPEED    24   HIGHEST WIND DIRECTION     W (290)
  HIGHEST GUST SPEED    31   HIGHEST GUST DIRECTION     W (270)
  AVERAGE WIND SPEED     8.7


SKY COVER
  POSSIBLE SUNSHINE  MM
  AVERAGE SKY COVER 0.6


WEATHER CONDITIONS
 THE FOLLOWING WEATHER WAS RECORDED YESTERDAY.
  THUNDERSTORM
  HEAVY RAIN
  RAIN
  LIGHT RAIN
  FOG


RELATIVE HUMIDITY (PERCENT)
 HIGHEST    93           900 AM
 LOWEST     45           500 PM
 AVERAGE    69

..........................................................


THE HAGERSTOWN MD CLIMATE NORMALS FOR TODAY
                         NORMAL    RECORD    YEAR
 MAXIMUM TEMPERATURE (F)   65        MM        MM
 MINIMUM TEMPERATURE (F)   44        MM        MM


SUNRISE AND SUNSET
APRIL 21 2015.........SUNRISE   625 AM EDT   SUNSET   755 PM EDT
APRIL 22 2015.........SUNRISE   624 AM EDT   SUNSET   756 PM EDT


-  INDICATES NEGATIVE NUMBERS.
R  INDICATES RECORD WAS SET OR TIED.
MM INDICATES DATA IS MISSING.
T  INDICATES TRACE AMOUNT.




$$
