000
CDUS45 KTFX 270934
CLIHLN


CLIMATE REPORT
NATIONAL WEATHER SERVICE GREAT FALLS MT
333 AM MDT MON APR 27 2015


...................................

...THE HELENA MT CLIMATE SUMMARY FOR APRIL 26 2015...

CLIMATE NORMAL PERIOD 1981 TO 2010
CLIMATE RECORD PERIOD 1866 TO 2015


WEATHER ITEM   OBSERVED TIME   RECORD YEAR NORMAL DEPARTURE LAST
                VALUE   (LST)  VALUE       VALUE  FROM      YEAR
                                                  NORMAL
..................................................................
TEMPERATURE (F)
 YESTERDAY
  MAXIMUM         42    657 PM  84    1910  61    -19       46
  MINIMUM         32   1159 PM  21    1961  35     -3       35
  AVERAGE         37                        48    -11       41

PRECIPITATION (IN)
  YESTERDAY        0.11          1.01 1901   0.03   0.08     0.11
  MONTH TO DATE    0.53                      0.82  -0.29     0.87
  SINCE OCT 1      3.98                      3.64   0.34     5.20
  SINCE JAN 1      1.70                      2.07  -0.37     4.20

SNOWFALL (IN)
  YESTERDAY        T             6.0  1901   0.1   -0.1      0.0
  MONTH TO DATE    T                         3.3   -3.3       T
  SINCE MAR 1      T                         9.5   -9.5      3.8
  SINCE JUL 1     24.3                      36.8  -12.5     41.8
  SNOW DEPTH       T

DEGREE DAYS
 HEATING
  YESTERDAY       28                        17     11       24
  MONTH TO DATE  521                       536    -15      494
  SINCE MAR 1   1142                      1427   -285     1422
  SINCE JUL 1   6150                      6988   -838     6938

 COOLING
  YESTERDAY        0                         0      0        0
  MONTH TO DATE    0                         0      0        0
  SINCE MAR 1      0                         0      0        0
  SINCE JAN 1      0                         0      0        0
..................................................................


WIND (MPH)
  HIGHEST WIND SPEED    20   HIGHEST WIND DIRECTION     N (350)
  HIGHEST GUST SPEED    25   HIGHEST GUST DIRECTION     N (350)
  AVERAGE WIND SPEED     8.2


SKY COVER
  AVERAGE SKY COVER 0.9


WEATHER CONDITIONS
 THE FOLLOWING WEATHER WAS RECORDED YESTERDAY.
  LIGHT RAIN
  LIGHT SNOW
  FOG
  HAZE


RELATIVE HUMIDITY (PERCENT)
 HIGHEST    92           700 AM
 LOWEST     64           200 AM
 AVERAGE    78

..........................................................


THE HELENA MT CLIMATE NORMALS FOR TODAY
                         NORMAL    RECORD    YEAR
 MAXIMUM TEMPERATURE (F)   61        83      1987
 MINIMUM TEMPERATURE (F)   35        15      1907


SUNRISE AND SUNSET
APRIL 27 2015.........SUNRISE   620 AM MDT   SUNSET   832 PM MDT
APRIL 28 2015.........SUNRISE   619 AM MDT   SUNSET   833 PM MDT


-  INDICATES NEGATIVE NUMBERS.
R  INDICATES RECORD WAS SET OR TIED.
MM INDICATES DATA IS MISSING.
T  INDICATES TRACE AMOUNT.




$$
