000
CDHW40 PHFO 180249
CLIHNL


CLIMATE REPORT
NATIONAL WEATHER SERVICE HONOLULU HI
449 PM HST FRI APR 17 2015


...................................

...THE HONOLULU HI CLIMATE SUMMARY FOR APRIL 17 2015...
VALID TODAY AS OF 0400 PM LOCAL TIME.

CLIMATE NORMAL PERIOD 1981 TO 2010
CLIMATE RECORD PERIOD 1946 TO 2015


WEATHER ITEM   OBSERVED TIME   RECORD YEAR NORMAL DEPARTURE LAST
                VALUE   (LST)  VALUE       VALUE  FROM      YEAR
                                                  NORMAL
..................................................................
TEMPERATURE (F)
 TODAY
  MAXIMUM         83    344 PM  88    1988  83      0       85
  MINIMUM         70    324 AM  63    1949  70      0       73
  AVERAGE         77                        76      1       79

PRECIPITATION (IN)
  TODAY            0.06          0.14 1954   0.01   0.05      T
  MONTH TO DATE    0.22                      0.44  -0.22     0.16
  SINCE MAR 1      0.84                      2.46  -1.62     2.77
  SINCE JAN 1      2.64                      6.76  -4.12     6.45

SNOWFALL (IN)
  TODAY            0.0
  MONTH TO DATE    0.0
  SINCE MAR 1      0.0
  SINCE JUL 1      0.0
  SNOW DEPTH       0

DEGREE DAYS
 HEATING
  TODAY            0                         0      0        0
  MONTH TO DATE    0                         0      0        0
  SINCE MAR 1      0                         0      0        0
  SINCE JUL 1      0                         0      0        0

 COOLING
  TODAY           12                        11      1       14
  MONTH TO DATE  199                       187     12      200
  SINCE MAR 1    475                       480     -5      509
  SINCE JAN 1    985                       962     23     1028
..................................................................


WIND (MPH)
  HIGHEST WIND SPEED    25   HIGHEST WIND DIRECTION    NE (60)
  HIGHEST GUST SPEED    33   HIGHEST GUST DIRECTION     E (80)
  AVERAGE WIND SPEED    13.7


SKY COVER
  POSSIBLE SUNSHINE  MM
  AVERAGE SKY COVER 0.5


WEATHER CONDITIONS
 THE FOLLOWING WEATHER WAS RECORDED TODAY.
  HEAVY RAIN
  FOG


RELATIVE HUMIDITY (PERCENT)
 HIGHEST    97           300 AM
 LOWEST     51           200 PM
 AVERAGE    74

..........................................................


THE HONOLULU HI CLIMATE NORMALS FOR TOMORROW
                         NORMAL    RECORD    YEAR
 MAXIMUM TEMPERATURE (F)   83        89      1996
 MINIMUM TEMPERATURE (F)   70        62      1989


SUNRISE AND SUNSET
APRIL 17 2015.........SUNRISE   611 AM HST   SUNSET   652 PM HST
APRIL 18 2015.........SUNRISE   610 AM HST   SUNSET   652 PM HST


-  INDICATES NEGATIVE NUMBERS.
R  INDICATES RECORD WAS SET OR TIED.
MM INDICATES DATA IS MISSING.
T  INDICATES TRACE AMOUNT.




$$
