000
CDUS44 KHGX 211315
CLIHOU

CLIMATE REPORT
NATIONAL WEATHER SERVICE HOUSTON/GALVESTON TX
815 AM CDT TUE APR 21 2015


...MORNING CLIMATE DATA...

                            MORNING LOW    PRECIP SINCE MIDNIGHT
HOUSTON INTERCONTINENTAL         56                0.00
GALVESTON SCHOLES FIELD          65                0.00
BRYAN/COLLEGE STATION            55                0.00
HOUSTON HOBBY                    61                0.00
...................................

...THE HOUSTON INTERCONTINENTAL CLIMATE SUMMARY FOR APRIL 20 2015...

CLIMATE NORMAL PERIOD 1981 TO 2010
CLIMATE RECORD PERIOD 1892 TO 2015


WEATHER ITEM   OBSERVED TIME   RECORD YEAR NORMAL DEPARTURE LAST
                VALUE   (LST)  VALUE       VALUE  FROM      YEAR
                                                  NORMAL
..................................................................
TEMPERATURE (F)
 YESTERDAY
  MAXIMUM         74    413 PM  93    1987  81     -7       80
  MINIMUM         59    712 AM  39    2013  61     -2       58
  AVERAGE         67                        70     -3       69

PRECIPITATION (IN)
  YESTERDAY        0.00          2.70 1985   0.11  -0.11     0.00
  MONTH TO DATE    5.87                      2.07   3.80     1.56
  SINCE MAR 1     12.21                      5.48   6.73     4.01
  SINCE JAN 1     16.04                     12.06   3.98     7.36

SNOWFALL (IN)
  YESTERDAY        0.0          MM      MM
  MONTH TO DATE    0.0
  SINCE MAR 1      0.0
  SINCE JUL 1      0.0

DEGREE DAYS
 HEATING
  YESTERDAY        0                         1     -1        0
  MONTH TO DATE    3                        32    -29       41
  SINCE MAR 1    142                       173    -31      255
  SINCE JUL 1   1461                      1361    100     1735

 COOLING
  YESTERDAY        2                         6     -4        4
  MONTH TO DATE  161                        99     62       78
  SINCE MAR 1    229                       170     59      110
  SINCE JAN 1    239                       208     31      144
..................................................................


WIND (MPH)
  HIGHEST WIND SPEED    25   HIGHEST WIND DIRECTION     N (20)
  HIGHEST GUST SPEED    29   HIGHEST GUST DIRECTION    NE (30)




RELATIVE HUMIDITY (PERCENT)
 HIGHEST    93
 LOWEST     35
 AVERAGE    64

..........................................................


THE HOUSTON INTERCONTINENTAL CLIMATE NORMALS FOR TODAY
                         NORMAL    RECORD    YEAR
 MAXIMUM TEMPERATURE (F)   81        90      1987
                                             1981
 MINIMUM TEMPERATURE (F)   61        42      1978


SUNRISE AND SUNSET
APRIL 21 2015.........SUNRISE   648 AM CDT   SUNSET   752 PM CDT
APRIL 22 2015.........SUNRISE   647 AM CDT   SUNSET   753 PM CDT


-  INDICATES NEGATIVE NUMBERS.
R  INDICATES RECORD WAS SET OR TIED.
MM INDICATES DATA IS MISSING.
T  INDICATES TRACE AMOUNT.


&&

...................................

...THE HOUSTON/HOBBY AIRPORT CLIMATE SUMMARY FOR APRIL 20 2015...

CLIMATE NORMAL PERIOD 1981 TO 2010
CLIMATE RECORD PERIOD 1930 TO 2015


WEATHER ITEM   OBSERVED TIME   RECORD YEAR NORMAL DEPARTURE LAST
                VALUE   (LST)  VALUE       VALUE  FROM      YEAR
                                                  NORMAL
..................................................................
TEMPERATURE (F)
 YESTERDAY
  MAXIMUM         74    311 PM  91    1987  80     -6       79
  MINIMUM         61    727 AM  42    1940  62     -1       60
  AVERAGE         68                        71     -3       70

PRECIPITATION (IN)
  YESTERDAY        0.00          3.62 1977   0.11  -0.11     0.00
  MONTH TO DATE    7.79                      2.06   5.73     1.30
  SINCE MAR 1     14.17                      5.26   8.91     3.84
  SINCE JAN 1     20.05                     12.34   7.71     6.46

SNOWFALL (IN)
  YESTERDAY        0.0          MM      MM
  MONTH TO DATE    0.0
  SINCE MAR 1      0.0
  SINCE JUL 1      0.0

DEGREE DAYS
 HEATING
  YESTERDAY        0                         1     -1        0
  MONTH TO DATE    0                        27    -27       31
  SINCE MAR 1    115                       148    -33      218
  SINCE JUL 1   1300                      1218     82     1545

 COOLING
  YESTERDAY        3                         6     -3        5
  MONTH TO DATE  169                        99     70       74
  SINCE MAR 1    244                       168     76      112
  SINCE JAN 1    254                       206     48      151
..................................................................


WIND (MPH)
  HIGHEST WIND SPEED    23   HIGHEST WIND DIRECTION     N (360)
  HIGHEST GUST SPEED    29   HIGHEST GUST DIRECTION     N (10)




RELATIVE HUMIDITY (PERCENT)
 HIGHEST    87
 LOWEST     35
 AVERAGE    61

..........................................................


THE HOUSTON/HOBBY AIRPORT CLIMATE NORMALS FOR TODAY
                         NORMAL    RECORD    YEAR
 MAXIMUM TEMPERATURE (F)   80        87      1987
                                             1972
 MINIMUM TEMPERATURE (F)   62        46      1978


SUNRISE AND SUNSET
APRIL 21 2015.........SUNRISE   649 AM CDT   SUNSET   752 PM CDT
APRIL 22 2015.........SUNRISE   648 AM CDT   SUNSET   752 PM CDT


-  INDICATES NEGATIVE NUMBERS.
R  INDICATES RECORD WAS SET OR TIED.
MM INDICATES DATA IS MISSING.
T  INDICATES TRACE AMOUNT.

...MISCELLANEOUS CLIMATE DATA FOR YESTERDAY...

LOCATION                        HIGH    LOW     PRECIP
PEARLAND                         75      62      0.00
SUGAR LAND                       74      59      0.00
TOMBALL                          74      59      0.00
CONROE                           73      56      0.00
HUNTSVILLE                       72      52      0.00
ANGLETON/LAKE JACKSON            73      60      0.00
PALACIOS                         72      61      0.00
LEAGUE CITY (NWS)                75      60      0.00


THIS PRODUCT...ALONG WITH OTHER WEATHER...HYDROLOGIC...AND CLIMATE
PRODUCTS...IS AVAILABLE ON THE WEB AT HTTP://WWW.SRH.NOAA.GOV/HGX
OR AT HTTP://WEATHER.GOV

$$
