000
CDUS46 KSEW 270124
CLIHQM


CLIMATE REPORT
NATIONAL WEATHER SERVICE SEATTLE WA
624 PM PDT SUN APR 26 2015


...................................

...THE HOQUIAM WA AIRPORT CLIMATE SUMMARY FOR APRIL 26 2015...
VALID TODAY AS OF 0600 PM LOCAL TIME.

CLIMATE NORMAL PERIOD 1981 TO 2010
CLIMATE RECORD PERIOD 1953 TO 2015


WEATHER ITEM   OBSERVED TIME   RECORD YEAR NORMAL DEPARTURE LAST
                VALUE   (LST)  VALUE       VALUE  FROM      YEAR
                                                  NORMAL
..................................................................
TEMPERATURE (F)
 TODAY
  MAXIMUM         56    216 PM  83    1979  57     -1       54
  MINIMUM         41   1219 AM  33    1984  43     -2       37
                                      1958
  AVERAGE         49                        50     -1       46

PRECIPITATION (IN)
  TODAY            0.04          1.07 1986   0.15  -0.11     0.60
  MONTH TO DATE    2.97                      4.56  -1.59     6.23
  SINCE OCT 1     57.00                     56.75   0.25    46.93
  SINCE JAN 1     25.58                     29.09  -3.51    34.82

DEGREE DAYS
 HEATING
  TODAY           16                        15      1       19
  MONTH TO DATE  434                       429      5      409
  SINCE MAR 1    897                      1018   -121      946

 COOLING
  TODAY            0                         0      0        0
  MONTH TO DATE    0                         0      0        0
  SINCE MAR 1      0                         0      0        0
  SINCE JAN 1      0                         0      0        0
..................................................................


WIND (MPH)
  RESULTANT WIND SPEED   7   RESULTANT WIND DIRECTION   E (70)
  HIGHEST WIND SPEED    18   HIGHEST WIND DIRECTION    SE (130)
  HIGHEST GUST SPEED    22   HIGHEST GUST DIRECTION    SE (120)
  AVERAGE WIND SPEED     7.8


SKY COVER
  AVERAGE SKY COVER 0.7


WEATHER CONDITIONS
 THE FOLLOWING WEATHER WAS RECORDED TODAY.
  LIGHT RAIN
  FOG


RELATIVE HUMIDITY (PERCENT)
 HIGHEST    89          1200 AM
 LOWEST     61           200 PM
 AVERAGE    75

..........................................................


THE HOQUIAM WA AIRPORT CLIMATE NORMALS FOR TOMORROW
                         NORMAL    RECORD    YEAR
 MAXIMUM TEMPERATURE (F)   57        83      1987
 MINIMUM TEMPERATURE (F)   43        29      1954


SUNRISE AND SUNSET
APRIL 26 2015.........SUNRISE   609 AM PDT   SUNSET   819 PM PDT
APRIL 27 2015.........SUNRISE   607 AM PDT   SUNSET   821 PM PDT


-  INDICATES NEGATIVE NUMBERS.
R  INDICATES RECORD WAS SET OR TIED.
MM INDICATES DATA IS MISSING.
T  INDICATES TRACE AMOUNT.




$$
