000
CDUS44 KLZK 060905
CLIHRO


CLIMATE REPORT
NATIONAL WEATHER SERVICE LITTLE ROCK AR
404 AM CDT WED MAY 6 2015


...................................

...THE HARRISON CLIMATE SUMMARY FOR MAY 5 2015...

CLIMATE NORMAL PERIOD 1981 TO 2010
CLIMATE RECORD PERIOD 1891 TO 2015


WEATHER ITEM   OBSERVED TIME   RECORD YEAR NORMAL DEPARTURE LAST
                VALUE   (LST)  VALUE       VALUE  FROM      YEAR
                                                  NORMAL
..................................................................
TEMPERATURE (F)
 YESTERDAY
  MAXIMUM         80    326 PM  91    2014  74      6       91
                                      1952
  MINIMUM         55    526 AM  30    1947  53      2       65
  AVERAGE         68                        63      5       78

PRECIPITATION (IN)
  YESTERDAY        0.00          2.10 1961   0.17  -0.17     0.00
  MONTH TO DATE    T                         0.85  -0.85     0.00
  SINCE MAR 1      8.70                      8.96  -0.26     8.99
  SINCE JAN 1     12.24                     14.16  -1.92    10.94

SNOWFALL (IN)
  YESTERDAY        0.0          MM      MM   0.0    0.0      0.0
  MONTH TO DATE    0.0                       0.0    0.0      0.0
  SINCE MAR 1      4.3                       2.3    2.0     10.0
  SINCE JUL 1     13.6                      11.5    2.1     25.8
  SNOW DEPTH       0

DEGREE DAYS
 HEATING
  YESTERDAY        0                         4     -4        0
  MONTH TO DATE   10                        20    -10       26
  SINCE MAR 1    713                       769    -56      857
  SINCE JUL 1   4108                      3941    167     4392

 COOLING
  YESTERDAY        3                         2      1       13
  MONTH TO DATE    9                        10     -1       24
  SINCE MAR 1     34                        47    -13       42
  SINCE JAN 1     34                        47    -13       42
..................................................................


WIND (MPH)
  HIGHEST WIND SPEED    20   HIGHEST WIND DIRECTION    SE (150)
  HIGHEST GUST SPEED    27   HIGHEST GUST DIRECTION    SE (150)
  AVERAGE WIND SPEED     9.0


SKY COVER
  POSSIBLE SUNSHINE  MM
  AVERAGE SKY COVER 0.3


WEATHER CONDITIONS
 THE FOLLOWING WEATHER WAS RECORDED YESTERDAY.
  FOG


RELATIVE HUMIDITY (PERCENT)
 HIGHEST    93           500 AM
 LOWEST     45           300 PM
 AVERAGE    69

..........................................................


THE HARRISON CLIMATE NORMALS FOR TODAY
                         NORMAL    RECORD    YEAR
 MAXIMUM TEMPERATURE (F)   74        92      1940
 MINIMUM TEMPERATURE (F)   53        33      1911


SUNRISE AND SUNSET
MAY  6 2015...........SUNRISE   615 AM CDT   SUNSET   804 PM CDT
MAY  7 2015...........SUNRISE   614 AM CDT   SUNSET   805 PM CDT


-  INDICATES NEGATIVE NUMBERS.
R  INDICATES RECORD WAS SET OR TIED.
MM INDICATES DATA IS MISSING.
T  INDICATES TRACE AMOUNT.




$$
