000
CDUS42 KMHX 020537
CLIHSE


CLIMATE REPORT
NATIONAL WEATHER SERVICE NEWPORT/MOREHEAD CITY NC
134 AM EDT THU APR 2 2015


...................................

...THE CAPE HATTERAS NC CLIMATE SUMMARY FOR APRIL 1 2015...

CLIMATE NORMAL PERIOD 1981 TO 2010
CLIMATE RECORD PERIOD 1874 TO 2015


WEATHER ITEM   OBSERVED TIME   RECORD YEAR NORMAL DEPARTURE LAST
                VALUE   (LST)  VALUE       VALUE  FROM      YEAR
                                                  NORMAL
..................................................................
TEMPERATURE (F)
 YESTERDAY
  MAXIMUM         62   1223 AM  79    1986  63     -1       66
  MINIMUM         36   1159 PM  29    1971  49    -13       37
  AVERAGE         49                        56     -7       52

PRECIPITATION (IN)
  YESTERDAY        0.00          1.81 1973   0.14  -0.14     0.00
  MONTH TO DATE    0.00                      0.14  -0.14     0.00
  SINCE MAR 1      2.55                      4.91  -2.36     5.48
  SINCE JAN 1     14.50                     14.17   0.33    15.57

SNOWFALL (IN)
  YESTERDAY        0.0
  MONTH TO DATE    0.0
  SINCE NOV 1      2.0
  SINCE JUL 1      2.0
  SNOW DEPTH       0

DEGREE DAYS
 HEATING
  YESTERDAY       16                        10      6       13
  MONTH TO DATE   16                        10      6       13
  SINCE MAR 1    436                       429      7      516
  SINCE JUL 1   2609                      2353    256     2349

 COOLING
  YESTERDAY        0                         0      0        0
  MONTH TO DATE    0                         0      0        0
  SINCE MAR 1      1                         3     -2        0
  SINCE JAN 1      3                         3      0        0
..................................................................


WIND (MPH)
  HIGHEST WIND SPEED    23   HIGHEST WIND DIRECTION    SW (240)
  HIGHEST GUST SPEED    34   HIGHEST GUST DIRECTION    NE (30)
  AVERAGE WIND SPEED    10.7


SKY COVER
  POSSIBLE SUNSHINE  MM
  AVERAGE SKY COVER 0.1


WEATHER CONDITIONS
 THE FOLLOWING WEATHER WAS RECORDED YESTERDAY.
  NO SIGNIFICANT WEATHER WAS OBSERVED.


RELATIVE HUMIDITY (PERCENT)
 HIGHEST    78           100 AM
 LOWEST     46           100 PM
 AVERAGE    62

..........................................................


THE CAPE HATTERAS NC CLIMATE NORMALS FOR TODAY
                         NORMAL    RECORD    YEAR
 MAXIMUM TEMPERATURE (F)   63        77      1986
 MINIMUM TEMPERATURE (F)   49        26      1964


SUNRISE AND SUNSET
APRIL  2 2015.........SUNRISE   648 AM EDT   SUNSET   725 PM EDT
APRIL  3 2015.........SUNRISE   647 AM EDT   SUNSET   725 PM EDT


-  INDICATES NEGATIVE NUMBERS.
R  INDICATES RECORD WAS SET OR TIED.
MM INDICATES DATA IS MISSING.
T  INDICATES TRACE AMOUNT.




$$
