000
CDUS41 KCAR 060530
CLIHUL


CLIMATE REPORT
NATIONAL WEATHER SERVICE CARIBOU, ME
130 AM EDT WED MAY 6 2015


...................................

...THE HOULTON ME CLIMATE SUMMARY FOR MAY 5 2015...

CLIMATE NORMAL PERIOD 1981 TO 2010
CLIMATE RECORD PERIOD 1948 TO 2015


WEATHER ITEM   OBSERVED TIME   RECORD YEAR NORMAL DEPARTURE LAST
                VALUE   (LST)  VALUE       VALUE  FROM      YEAR
                                                  NORMAL
..................................................................
TEMPERATURE (F)
 YESTERDAY
  MAXIMUM         68    200 PM  83    1944  60      8       58
  MINIMUM         43   1148 PM  25    1977  35      8       39
  AVERAGE         56                        48      8       49

PRECIPITATION (IN)
  YESTERDAY        T             0.59 1994   0.11  -0.11     0.04
  MONTH TO DATE    T                         0.51  -0.51     0.90
  SINCE MAR 1      3.34                      6.98  -3.64     6.99
  SINCE JAN 1      5.44                     11.84  -6.40    12.57

SNOWFALL (IN)
  YESTERDAY       MM             T    1984   0.0   MM       MM
  MONTH TO DATE   MM                         0.0   MM       MM
  SINCE MAR 1     MM                        23.8   MM       MM
  SINCE JUL 1     MM                        89.4   MM       MM
  SNOW DEPTH      MM

DEGREE DAYS
 HEATING
  YESTERDAY        9                        17     -8       16
  MONTH TO DATE   61                        91    -30       91
  SINCE MAR 1   2296                      2091    205     2393
  SINCE JUL 1   8864                      8664    200     8983

 COOLING
  YESTERDAY        0                         0      0        0
  MONTH TO DATE    0                         0      0        0
  SINCE MAR 1      0                         0      0        0
  SINCE JAN 1      0                         0      0        0
..................................................................


WIND (MPH)
  HIGHEST WIND SPEED    24   HIGHEST WIND DIRECTION    NW (300)
  HIGHEST GUST SPEED    37   HIGHEST GUST DIRECTION     N (340)
  AVERAGE WIND SPEED    11.2


SKY COVER
  POSSIBLE SUNSHINE  MM
  AVERAGE SKY COVER 0.3


WEATHER CONDITIONS
 THE FOLLOWING WEATHER WAS RECORDED YESTERDAY.
  LIGHT RAIN


RELATIVE HUMIDITY (PERCENT)
 HIGHEST    80           500 AM
 LOWEST     18           100 PM
 AVERAGE    49

..........................................................


THE HOULTON ME CLIMATE NORMALS FOR TODAY
                         NORMAL    RECORD    YEAR
 MAXIMUM TEMPERATURE (F)   60        82      1960
 MINIMUM TEMPERATURE (F)   36        22      1974


SUNRISE AND SUNSET
MAY  6 2015...........SUNRISE   511 AM EDT   SUNSET   746 PM EDT
MAY  7 2015...........SUNRISE   509 AM EDT   SUNSET   747 PM EDT


-  INDICATES NEGATIVE NUMBERS.
R  INDICATES RECORD WAS SET OR TIED.
MM INDICATES DATA IS MISSING.
T  INDICATES TRACE AMOUNT.




$$
