000
CDUS43 KUNR 270831
CLIICR


CLIMATE REPORT
NATIONAL WEATHER SERVICE RAPID CITY SD
231 AM MDT MON APR 27 2015


...................................

...THE WINNER REGIONAL AIRPORT SD CLIMATE SUMMARY FOR APRIL 26 2015...

CLIMATE NORMAL PERIOD 1981 TO 2010
CLIMATE RECORD PERIOD 9999 TO 9999


WEATHER ITEM   OBSERVED TIME   NORMAL DEPARTURE LAST
                VALUE   (LST)  VALUE  FROM      YEAR
                                      NORMAL
......................................................
TEMPERATURE (F)
 YESTERDAY
  MAXIMUM         65    444 PM  63      2       77
  MINIMUM         40   1131 PM  40      0       47
  AVERAGE         53            52      1       62

PRECIPITATION (IN)
  YESTERDAY        0.00          0.10  -0.10     0.00
  MONTH TO DATE    0.64          2.04  -1.40     0.15
  SINCE MAR 1      0.75          3.42  -2.67     0.19
  SINCE JAN 1      0.84          4.18  -3.34     0.27

DEGREE DAYS
 HEATING
  YESTERDAY       12            14     -2        3
  MONTH TO DATE  358           468   -110      404
  SINCE MAR 1    983          1344   -361     1354
  SINCE JUL 1   5743          6353   -610     6687

 COOLING
  YESTERDAY        0             0      0        0
  MONTH TO DATE    3             0      3        3
  SINCE MAR 1      9             0      9        3
  SINCE JAN 1      9             0      9        3
......................................................


WIND (MPH)
  HIGHEST WIND SPEED    20   HIGHEST WIND DIRECTION    SE (130)
  HIGHEST GUST SPEED    25   HIGHEST GUST DIRECTION    SE (130)
  AVERAGE WIND SPEED     9.5


SKY COVER
  AVERAGE SKY COVER 0.6


WEATHER CONDITIONS
 THE FOLLOWING WEATHER WAS RECORDED YESTERDAY.
  HAZE


RELATIVE HUMIDITY (PERCENT)
 HIGHEST    86           500 AM
 LOWEST     32           700 PM
 AVERAGE    59

..........................................................




SUNRISE AND SUNSET
APRIL 27 2015.........SUNRISE   638 AM CDT   SUNSET   836 PM CDT
APRIL 28 2015.........SUNRISE   637 AM CDT   SUNSET   837 PM CDT


-  INDICATES NEGATIVE NUMBERS.
R  INDICATES RECORD WAS SET OR TIED.
MM INDICATES DATA IS MISSING.
T  INDICATES TRACE AMOUNT.




$$
