000
CDUS43 KICT 062205
CLIICT


CLIMATE REPORT
NATIONAL WEATHER SERVICE WICHITA KS
504 PM CDT WED MAY 6 2015


...................................

...THE WICHITA EISENHOWER NATIONAL CLIMATE SUMMARY FOR MAY 6 2015...
VALID TODAY AS OF 500 PM LOCAL TIME.

CLIMATE NORMAL PERIOD 1981 TO 2010
CLIMATE RECORD PERIOD 1888 TO 2015


WEATHER ITEM   OBSERVED TIME   RECORD YEAR NORMAL DEPARTURE LAST
                VALUE   (LST)  VALUE       VALUE  FROM      YEAR
                                                  NORMAL
..................................................................
TEMPERATURE (F)
 TODAY
  MAXIMUM         76    228 PM  99    2014  74      2       99
  MINIMUM         60    706 AM  33    1944  52      8       61
  AVERAGE         68                        63      5       80

PRECIPITATION (IN)
  TODAY            0.74          1.88 1930   0.14   0.60     0.00
  MONTH TO DATE    1.43                      0.79   0.64     0.00
  SINCE MAR 1      4.33                      6.07  -1.74     1.02
  SINCE JAN 1      6.10                      8.08  -1.98     2.01

SNOWFALL (IN)
  TODAY            0.0           T    2008   0.0    0.0      0.0
  MONTH TO DATE    0.0                       0.0    0.0      0.0
  SINCE MAR 1      1.1                       2.5   -1.4      3.5
  SINCE JUL 1     18.0                      14.9    3.1     23.0
  SNOW DEPTH       0

DEGREE DAYS
 HEATING
  TODAY            0                         4     -4        0
  MONTH TO DATE    0                        27    -27       23
  SINCE MAR 1    637                       895   -258      970
  SINCE JUL 1   4202                      4535   -333     4889

 COOLING
  TODAY            3                         2      1       15
  MONTH TO DATE   28                        10     18       45
  SINCE MAR 1     56                        36     20       78
  SINCE JAN 1     56                        36     20       78
..................................................................


WIND (MPH)
  HIGHEST WIND SPEED    33   HIGHEST WIND DIRECTION    SE (150)
  HIGHEST GUST SPEED    40   HIGHEST GUST DIRECTION    SE (150)
  AVERAGE WIND SPEED    20.0


SKY COVER
  POSSIBLE SUNSHINE  MM
  AVERAGE SKY COVER 1.0


WEATHER CONDITIONS
 THE FOLLOWING WEATHER WAS RECORDED TODAY.
  THUNDERSTORM
  HEAVY RAIN
  RAIN
  LIGHT RAIN
  FOG


RELATIVE HUMIDITY (PERCENT)
 HIGHEST    97           200 AM
 LOWEST     74           300 PM
 AVERAGE    86

..........................................................


THE WICHITA EISENHOWER NATIONAL CLIMATE NORMALS FOR TOMORROW
                         NORMAL    RECORD    YEAR
 MAXIMUM TEMPERATURE (F)   74        96      2014
 MINIMUM TEMPERATURE (F)   52        37      1908
                                             1890


SUNRISE AND SUNSET
MAY  6 2015...........SUNRISE   629 AM CDT   SUNSET   824 PM CDT
MAY  7 2015...........SUNRISE   628 AM CDT   SUNSET   825 PM CDT


-  INDICATES NEGATIVE NUMBERS.
R  INDICATES RECORD WAS SET OR TIED.
MM INDICATES DATA IS MISSING.
T  INDICATES TRACE AMOUNT.




$$
