000
CDUS45 KVEF 210025
CLIIGM


CLIMATE REPORT
NATIONAL WEATHER SERVICE LAS VEGAS, NV
525 PM PDT MON APR 20 2015


...................................

...THE KINGMAN AZ CLIMATE SUMMARY FOR APRIL 20 2015...
VALID TODAY AS OF 0500 PM LOCAL TIME.

CLIMATE NORMAL PERIOD 1981 TO 2010
CLIMATE RECORD PERIOD 1901 TO 2015


WEATHER ITEM   OBSERVED TIME   RECORD YEAR NORMAL DEPARTURE LAST
                VALUE   (LST)  VALUE       VALUE  FROM      YEAR
                                                  NORMAL
..................................................................
TEMPERATURE (F)
 TODAY
  MAXIMUM         83    344 PM  95    1938  75      8       84
  MINIMUM         49    610 AM  30    1941  45      4       54
  AVERAGE         66                        60      6       69

PRECIPITATION (IN)
  TODAY            0.00          2.50 1933   0.01  -0.01     0.00
  MONTH TO DATE    0.00                      0.32  -0.32     0.02
  SINCE OCT 1      4.83                      5.34  -0.51     1.45
  SINCE JAN 1      2.70                      3.24  -0.54     0.57

DEGREE DAYS
 HEATING
  TODAY            0                         6     -6        0
  MONTH TO DATE  163                       167     -4      108
  SINCE MAR 1    411                       585   -174      414
  SINCE JUL 1   2391                      2998   -607     2736

 COOLING
  TODAY            1                         1      0        4
  MONTH TO DATE    3                        13    -10       24
  SINCE MAR 1      5                        16    -11       24
  SINCE JAN 1      5                        16    -11       24
..................................................................


WIND (MPH)
  RESULTANT WIND SPEED   9   RESULTANT WIND DIRECTION  SW (210)
  HIGHEST WIND SPEED    22   HIGHEST WIND DIRECTION    SW (220)
  HIGHEST GUST SPEED    28   HIGHEST GUST DIRECTION    SW (230)
  AVERAGE WIND SPEED    11.2


SKY COVER
  POSSIBLE SUNSHINE  MM
  AVERAGE SKY COVER 0.0


WEATHER CONDITIONS
 THE FOLLOWING WEATHER WAS RECORDED TODAY.
  NO SIGNIFICANT WEATHER WAS OBSERVED.


RELATIVE HUMIDITY (PERCENT)
 HIGHEST    26           600 AM
 LOWEST      7           100 PM
 AVERAGE    17

..........................................................


THE KINGMAN AZ CLIMATE NORMALS FOR TOMORROW
                         NORMAL    RECORD    YEAR
 MAXIMUM TEMPERATURE (F)   75        91      2012
                                             2009
 MINIMUM TEMPERATURE (F)   45        28      2005


SUNRISE AND SUNSET
APRIL 20 2015.........SUNRISE   557 AM MST   SUNSET   713 PM MST
APRIL 21 2015.........SUNRISE   556 AM MST   SUNSET   713 PM MST


-  INDICATES NEGATIVE NUMBERS.
R  INDICATES RECORD WAS SET OR TIED.
MM INDICATES DATA IS MISSING.
T  INDICATES TRACE AMOUNT.




$$
