000
CDUS41 KPHI 270632
CLIILG


CLIMATE REPORT
NATIONAL WEATHER SERVICE MOUNT HOLLY NJ
232 AM EDT MON APR 27 2015


...................................

...THE WILMINGTON DE CLIMATE SUMMARY FOR APRIL 26 2015...

CLIMATE NORMAL PERIOD 1981 TO 2010
CLIMATE RECORD PERIOD 1894 TO 2015


WEATHER ITEM   OBSERVED TIME   RECORD YEAR NORMAL DEPARTURE LAST
                VALUE   (LST)  VALUE       VALUE  FROM      YEAR
                                                  NORMAL
..................................................................
TEMPERATURE (F)
 YESTERDAY
  MAXIMUM         63    238 PM  92    1990  67     -4       72
  MINIMUM         41    239 AM  32    1919  46     -5       48
  AVERAGE         52                        57     -5       60

PRECIPITATION (IN)
  YESTERDAY        0.00          1.67 1939   0.11  -0.11     0.01
  MONTH TO DATE    4.29                      3.05   1.24     2.24
  SINCE MAR 1      9.68                      6.97   2.71     6.06
  SINCE JAN 1     16.29                     12.66   3.63    14.64

SNOWFALL (IN)
  YESTERDAY        0.0           0.0  1894   0.0    0.0      0.0
  MONTH TO DATE    0.0                       0.3   -0.3      0.0
  SINCE MAR 1      8.6                       2.2    6.4      7.7
  SINCE JUL 1     23.4                      20.2    3.2     56.1
  SNOW DEPTH       0

DEGREE DAYS
 HEATING
  YESTERDAY       13                         9      4        5
  MONTH TO DATE  302                       330    -28      320
  SINCE MAR 1   1136                      1013    123     1140
  SINCE JUL 1   4975                      4636    339     4995

 COOLING
  YESTERDAY        0                         1     -1        0
  MONTH TO DATE    4                         6     -2        7
  SINCE MAR 1      4                         7     -3        7
  SINCE JAN 1      4                         7     -3        7
..................................................................


WIND (MPH)
  HIGHEST WIND SPEED    16   HIGHEST WIND DIRECTION    NE (30)
  HIGHEST GUST SPEED    19   HIGHEST GUST DIRECTION    NE (30)
  AVERAGE WIND SPEED     7.3


SKY COVER
  POSSIBLE SUNSHINE  MM
  AVERAGE SKY COVER 0.3


WEATHER CONDITIONS
 THE FOLLOWING WEATHER WAS RECORDED YESTERDAY.
  NO SIGNIFICANT WEATHER WAS OBSERVED.


RELATIVE HUMIDITY (PERCENT)
 HIGHEST    76           100 AM
 LOWEST     27           500 PM
 AVERAGE    52

..........................................................


THE WILMINGTON DE CLIMATE NORMALS FOR TODAY
                         NORMAL    RECORD    YEAR
 MAXIMUM TEMPERATURE (F)   68        91      1990
 MINIMUM TEMPERATURE (F)   47        32      1933


SUNRISE AND SUNSET
APRIL 27 2015.........SUNRISE   609 AM EDT   SUNSET   752 PM EDT
APRIL 28 2015.........SUNRISE   607 AM EDT   SUNSET   753 PM EDT


-  INDICATES NEGATIVE NUMBERS.
R  INDICATES RECORD WAS SET OR TIED.
MM INDICATES DATA IS MISSING.
T  INDICATES TRACE AMOUNT.




$$
