000
CDUS41 KCTP 040618
CLIIPT


CLIMATE REPORT
NATIONAL WEATHER SERVICE STATE COLLEGE PA
218 AM EDT MON MAY 4 2015


...................................

...THE WILLIAMSPORT PA CLIMATE SUMMARY FOR MAY 3 2015...

CLIMATE NORMAL PERIOD 1981 TO 2010
CLIMATE RECORD PERIOD 1895 TO 2015


WEATHER ITEM   OBSERVED TIME   RECORD YEAR NORMAL DEPARTURE LAST
                VALUE   (LST)  VALUE       VALUE  FROM      YEAR
                                                  NORMAL
..................................................................
TEMPERATURE (F)
 YESTERDAY
  MAXIMUM         80    442 PM  92    2001  68     12       66
  MINIMUM         43    459 AM  30    2005  44     -1       42
                                      1966
                                      1941
  AVERAGE         62                        56      6       54

PRECIPITATION (IN)
  YESTERDAY        0.00          2.73 1954   0.10  -0.10     0.03
  MONTH TO DATE    T                         0.32  -0.32     0.17
  SINCE MAR 1      6.56                      6.53   0.03     5.93
  SINCE JAN 1      9.35                     11.57  -2.22     9.73

SNOWFALL (IN)
  YESTERDAY        0.0           0.0  2002   0.0    0.0      0.0
                                      2001
  MONTH TO DATE    0.0                       0.0    0.0      0.0
  SINCE MAR 1     11.4                       8.0    3.4      0.1
  SINCE JUL 1     44.4                      36.0    8.4     45.9
  SNOW DEPTH       0

DEGREE DAYS
 HEATING
  YESTERDAY        3                        10     -7       11
  MONTH TO DATE   15                        30    -15       32
  SINCE MAR 1   1439                      1318    121     1515
  SINCE JUL 1   6076                      5785    291     6347

 COOLING
  YESTERDAY        0                         0      0        0
  MONTH TO DATE    0                         0      0        0
  SINCE MAR 1      0                         5     -5        9
  SINCE JAN 1      0                         5     -5        9
..................................................................


WIND (MPH)
  HIGHEST WIND SPEED    14   HIGHEST WIND DIRECTION     W (250)
  HIGHEST GUST SPEED    16   HIGHEST GUST DIRECTION     W (260)
  AVERAGE WIND SPEED     3.4


SKY COVER
  POSSIBLE SUNSHINE  MM
  AVERAGE SKY COVER 0.1


WEATHER CONDITIONS
 THE FOLLOWING WEATHER WAS RECORDED YESTERDAY.
  NO SIGNIFICANT WEATHER WAS OBSERVED.


RELATIVE HUMIDITY (PERCENT)
 HIGHEST    83           600 AM
 LOWEST     19           200 PM
 AVERAGE    51

..........................................................


THE WILLIAMSPORT PA CLIMATE NORMALS FOR TODAY
                         NORMAL    RECORD    YEAR
 MAXIMUM TEMPERATURE (F)   68        93      1928
 MINIMUM TEMPERATURE (F)   44        30      2002
                                             1931


SUNRISE AND SUNSET
MAY  4 2015...........SUNRISE   602 AM EDT   SUNSET   808 PM EDT
MAY  5 2015...........SUNRISE   600 AM EDT   SUNSET   809 PM EDT


-  INDICATES NEGATIVE NUMBERS.
R  INDICATES RECORD WAS SET OR TIED.
MM INDICATES DATA IS MISSING.
T  INDICATES TRACE AMOUNT.




$$
