000
CDUS43 KBIS 281940
CLIISN


CLIMATE REPORT
NATIONAL WEATHER SERVICE BISMARCK ND
239 PM CDT TUE APR 28 2015


...................................

...THE WILLISTON ND CLIMATE SUMMARY FOR APRIL 27 2015...

CLIMATE NORMAL PERIOD 1981 TO 2010
CLIMATE RECORD PERIOD 1894 TO 2015


WEATHER ITEM   OBSERVED TIME   RECORD YEAR NORMAL DEPARTURE LAST
                VALUE   (LST)  VALUE       VALUE  FROM      YEAR
                                                  NORMAL
..................................................................
TEMPERATURE (F)
 YESTERDAY
  MAXIMUM         59    541 PM  88    1910  62     -3       46
  MINIMUM         40   1149 PM  10    1907  34      6       33
  AVERAGE         50                        48      2       40

PRECIPITATION (IN)
  YESTERDAY        0.14          1.00 1984   0.04   0.10     0.50
  MONTH TO DATE    0.27                      0.86  -0.59     0.93
  SINCE MAR 1      0.74                      1.57  -0.83     1.25
  SINCE JAN 1      1.68                      2.55  -0.87     1.69

SNOWFALL (IN)
  YESTERDAY       MM            10.0  1984   0.1   MM       MM
  MONTH TO DATE   MM                         3.5   MM       MM
  SINCE MAR 1     MM                         9.7   MM       MM
  SINCE JUL 1     MM                        43.8   MM       MM
  SNOW DEPTH       0

DEGREE DAYS
 HEATING
  YESTERDAY       15                        17     -2       25
  MONTH TO DATE  575                       601    -26      657
  SINCE MAR 1   1444                      1708   -264     1860
  SINCE JUL 1   7960                      8476   -516     8809

 COOLING
  YESTERDAY        0                         0      0        0
  MONTH TO DATE    0                         0      0        0
  SINCE MAR 1      0                         0      0        0
  SINCE JAN 1      0                         0      0        0
..................................................................


WIND (MPH)
  HIGHEST WIND SPEED    12   HIGHEST WIND DIRECTION    SW (210)
  HIGHEST GUST SPEED    15   HIGHEST GUST DIRECTION     S (200)
  AVERAGE WIND SPEED     5.8


SKY COVER
  POSSIBLE SUNSHINE  MM
  AVERAGE SKY COVER 0.8


WEATHER CONDITIONS
 THE FOLLOWING WEATHER WAS RECORDED YESTERDAY.
  LIGHT RAIN


RELATIVE HUMIDITY (PERCENT)
 HIGHEST    93           500 AM
 LOWEST     44           500 PM
 AVERAGE    69

..........................................................


THE WILLISTON ND CLIMATE NORMALS FOR TODAY
                         NORMAL    RECORD    YEAR
 MAXIMUM TEMPERATURE (F)   62        91      1952
 MINIMUM TEMPERATURE (F)   34        15      1958


SUNRISE AND SUNSET
APRIL 28 2015.........SUNRISE   641 AM CDT   SUNSET   904 PM CDT
APRIL 29 2015.........SUNRISE   640 AM CDT   SUNSET   905 PM CDT


-  INDICATES NEGATIVE NUMBERS.
R  INDICATES RECORD WAS SET OR TIED.
MM INDICATES DATA IS MISSING.
T  INDICATES TRACE AMOUNT.




$$
