000
CDUS44 KMEG 210650
CLIJBR


CLIMATE REPORT
NATIONAL WEATHER SERVICE MEMPHIS TN
149 AM CDT TUE APR 21 2015


...................................

...THE JONESBORO CLIMATE SUMMARY FOR APRIL 20 2015...

CLIMATE NORMAL PERIOD 1981 TO 2010
CLIMATE RECORD PERIOD 1897 TO 2015


WEATHER ITEM   OBSERVED TIME   RECORD YEAR NORMAL DEPARTURE LAST
                VALUE   (LST)  VALUE       VALUE  FROM      YEAR
                                                  NORMAL
..................................................................
TEMPERATURE (F)
 YESTERDAY
  MAXIMUM         64    320 PM  93    1987  72     -8       80
  MINIMUM         45   1159 PM  34    1953  51     -6       49
                                      1926
  AVERAGE         55                        61     -6       65

PRECIPITATION (IN)
  YESTERDAY        0.00          3.50 1973   0.18  -0.18     0.00
  MONTH TO DATE    5.53                      3.19   2.34     3.83
  SINCE MAR 1     12.85                      7.69   5.16     8.84
  SINCE JAN 1     17.68                     14.84   2.84    13.55

SNOWFALL (IN)
  YESTERDAY        0.0          MM      MM   0.0    0.0      0.0
  MONTH TO DATE    0.0                       0.0    0.0      0.0
  SINCE MAR 1      7.6                       0.7    6.9      3.2
  SINCE JUL 1      9.4                       4.8    4.6      5.2
  SNOW DEPTH       0

DEGREE DAYS
 HEATING
  YESTERDAY       10                         5      5        0
  MONTH TO DATE   78                       158    -80      168
  SINCE MAR 1    643                       622     21      799
  SINCE JUL 1   3891                      3578    313     4064

 COOLING
  YESTERDAY        0                         2     -2        0
  MONTH TO DATE   25                        21      4       13
  SINCE MAR 1     25                        27     -2       13
  SINCE JAN 1     25                        27     -2       13
..................................................................


WIND (MPH)
  HIGHEST WIND SPEED    22   HIGHEST WIND DIRECTION     W (270)
  HIGHEST GUST SPEED    31   HIGHEST GUST DIRECTION     W (260)
  AVERAGE WIND SPEED    11.3


SKY COVER
  POSSIBLE SUNSHINE  MM
  AVERAGE SKY COVER 0.3


WEATHER CONDITIONS
 THE FOLLOWING WEATHER WAS RECORDED YESTERDAY.
  NO SIGNIFICANT WEATHER WAS OBSERVED.


RELATIVE HUMIDITY (PERCENT)
 HIGHEST    93          1200 AM
 LOWEST     36           500 PM
 AVERAGE    65

..........................................................


THE JONESBORO CLIMATE NORMALS FOR TODAY
                         NORMAL    RECORD    YEAR
 MAXIMUM TEMPERATURE (F)   72        93      1987
 MINIMUM TEMPERATURE (F)   51        35      1978


SUNRISE AND SUNSET
APRIL 21 2015.........SUNRISE   622 AM CDT   SUNSET   741 PM CDT
APRIL 22 2015.........SUNRISE   621 AM CDT   SUNSET   742 PM CDT


-  INDICATES NEGATIVE NUMBERS.
R  INDICATES RECORD WAS SET OR TIED.
MM INDICATES DATA IS MISSING.
T  INDICATES TRACE AMOUNT.




$$
