000
CDUS45 KGGW 260035
CLIJDN


CLIMATE REPORT
NATIONAL WEATHER SERVICE GLASGOW MT
635 PM MDT SAT APR 25 2015


...................................

...THE JORDAN  ASOS MT CLIMATE SUMMARY FOR APRIL 25 2015...
VALID TODAY AS OF 0500 PM LOCAL TIME.

CLIMATE NORMAL PERIOD 1981 TO 2010
CLIMATE RECORD PERIOD 9999 TO 9999


WEATHER ITEM   OBSERVED TIME   RECORD YEAR NORMAL DEPARTURE LAST
                VALUE   (LST)  VALUE       VALUE  FROM      YEAR
                                                  NORMAL
..................................................................
TEMPERATURE (F)
 TODAY
  MAXIMUM         53    100 AM  MM      MM  61     -8       66
  MINIMUM         39        MM  MM      MM  32      7       29
  AVERAGE         46                        47     -1       48

PRECIPITATION (IN)
  TODAY            0.35         MM      MM   0.06   0.29     0.00
  MONTH TO DATE    0.37                      0.81  -0.44     0.08
  SINCE OCT 1      3.29                      3.35  -0.06     3.76
  SINCE JAN 1      2.10                      1.81   0.29     1.35

SNOWFALL (IN)
  TODAY           MM            MM      MM  MM     MM        0.0
  MONTH TO DATE    0.0                      MM     MM        0.0
  SINCE MAR 1      0.0                      MM     MM        0.0
  SINCE JUL 1      0.0                      MM     MM        0.0
  SNOW DEPTH       0

DEGREE DAYS
 HEATING
  TODAY           19                        18      1       17
  MONTH TO DATE  505                       543    -38      553
  SINCE MAR 1   1242                      1527   -285     1653
  SINCE JUL 1   7035                      7645   -610     7966

 COOLING
  TODAY            0                         0      0        0
  MONTH TO DATE    0                         0      0        0
  SINCE MAR 1      0                         0      0        0
  SINCE JAN 1      0                         0      0        0
..................................................................


WIND (MPH)
  HIGHEST WIND SPEED    17   HIGHEST WIND DIRECTION    NW (300)
  HIGHEST GUST SPEED    22   HIGHEST GUST DIRECTION    NW (320)
  AVERAGE WIND SPEED    12.6


SKY COVER
  POSSIBLE SUNSHINE  MM
  AVERAGE SKY COVER 0.0


WEATHER CONDITIONS
 THE FOLLOWING WEATHER WAS RECORDED TODAY.
  NO SIGNIFICANT WEATHER WAS OBSERVED.


RELATIVE HUMIDITY (PERCENT)
 HIGHEST    96           200 PM
 LOWEST     46          1200 AM
 AVERAGE    71

..........................................................


THE JORDAN  ASOS MT CLIMATE NORMALS FOR TOMORROW
                         NORMAL    RECORD    YEAR
 MAXIMUM TEMPERATURE (F)   62        MM        MM
 MINIMUM TEMPERATURE (F)   32        MM        MM


SUNRISE AND SUNSET
APRIL 25 2015.........SUNRISE   601 AM MDT   SUNSET   810 PM MDT
APRIL 26 2015.........SUNRISE   600 AM MDT   SUNSET   812 PM MDT


-  INDICATES NEGATIVE NUMBERS.
R  INDICATES RECORD WAS SET OR TIED.
MM INDICATES DATA IS MISSING.
T  INDICATES TRACE AMOUNT.




$$
