000
CDUS45 KBOI 050932
CLIJER


CLIMATE REPORT
NATIONAL WEATHER SERVICE BOISE ID
332 AM MDT TUE MAY 5 2015


...................................

...THE JEROME ID CLIMATE SUMMARY FOR MAY 4 2015...

CLIMATE NORMAL PERIOD 1981 TO 2010
CLIMATE RECORD PERIOD 1919 TO 2015


WEATHER ITEM   OBSERVED TIME   RECORD YEAR NORMAL DEPARTURE LAST
                VALUE   (LST)  VALUE       VALUE  FROM      YEAR
                                                  NORMAL
..................................................................
TEMPERATURE (F)
 YESTERDAY
  MAXIMUM         78    126 PM  91    1966  64     14       71
  MINIMUM         49    516 AM  25    1950  39     10       53
  AVERAGE         64                        51     13       62

PRECIPITATION (IN)
  YESTERDAY        0.00          0.45 1975   0.06  -0.06     0.00
  MONTH TO DATE    0.00                      0.23  -0.23     0.00
  SINCE OCT 1      4.91                      8.11  -3.20     4.94
  SINCE JAN 1      2.01                      4.59  -2.58     4.34

DEGREE DAYS
 HEATING
  YESTERDAY        1                        14    -13        3
  MONTH TO DATE   15                        57    -42       13
  SINCE MAR 1   1077                      1373   -296     1232
  SINCE JUL 1   5119                      6260  -1141     5900

 COOLING
  YESTERDAY        0                         0      0        0
  MONTH TO DATE    0                         0      0        2
  SINCE MAR 1      0                         0      0        2
  SINCE JAN 1      0                         0      0        2
..................................................................


WIND (MPH)
  HIGHEST WIND SPEED    21   HIGHEST WIND DIRECTION    SE (130)
  HIGHEST GUST SPEED    25   HIGHEST GUST DIRECTION    SE (130)
  AVERAGE WIND SPEED     9.3


SKY COVER
  AVERAGE SKY COVER 0.0


WEATHER CONDITIONS
 THE FOLLOWING WEATHER WAS RECORDED YESTERDAY.
  NO SIGNIFICANT WEATHER WAS OBSERVED.


RELATIVE HUMIDITY (PERCENT)
 HIGHEST    66           500 AM
 LOWEST     19           100 PM
 AVERAGE    43

..........................................................


THE JEROME ID CLIMATE NORMALS FOR TODAY
                         NORMAL    RECORD    YEAR
 MAXIMUM TEMPERATURE (F)   64        92      1966
 MINIMUM TEMPERATURE (F)   39        27      1982


SUNRISE AND SUNSET
MAY  5 2015...........SUNRISE   627 AM MDT   SUNSET   843 PM MDT
MAY  6 2015...........SUNRISE   626 AM MDT   SUNSET   844 PM MDT


-  INDICATES NEGATIVE NUMBERS.
R  INDICATES RECORD WAS SET OR TIED.
MM INDICATES DATA IS MISSING.
T  INDICATES TRACE AMOUNT.




$$
