000
CDUS46 KLOX 261101
CLILAX


CLIMATE REPORT
NATIONAL WEATHER SERVICE LOS ANGELES/OXNARD CA
401 AM PDT SUN APR 26 2015


...................................

...THE LOS ANGELES INTL AIRPORT CA CLIMATE SUMMARY FOR APRIL 25 2015...

CLIMATE NORMAL PERIOD 1981 TO 2010
CLIMATE RECORD PERIOD 1944 TO 2015


WEATHER ITEM   OBSERVED TIME   RECORD YEAR NORMAL DEPARTURE LAST
                VALUE   (LST)  VALUE       VALUE  FROM      YEAR
                                                  NORMAL
..................................................................
TEMPERATURE (F)
 YESTERDAY
  MAXIMUM         63    424 PM  80    1992  67     -4       70
  MINIMUM         56   1159 PM  46    1974  55      1       55
                                      1960
  AVERAGE         60                        61     -1       63

PRECIPITATION (IN)
  YESTERDAY        0.01          0.36 1959   0.02  -0.01     0.09
  MONTH TO DATE    0.11                      0.62  -0.51     0.26
  SINCE OCT 1      6.82                     12.15  -5.33     4.42
  SINCE JAN 1      2.12                      8.43  -6.31     3.41

SNOWFALL (IN)
  YESTERDAY        0.0
  MONTH TO DATE    0.0
  SINCE MAR 1      0.0
  SINCE JUL 1      0.0

DEGREE DAYS
 HEATING
  YESTERDAY        5                         4      1        2
  MONTH TO DATE   88                       137    -49       83
  SINCE MAR 1    163                       358   -195      173
  SINCE JUL 1    696                      1287   -591      728

 COOLING
  YESTERDAY        0                         1     -1        0
  MONTH TO DATE   10                         4      6        9
  SINCE MAR 1     78                        10     68       28
  SINCE JAN 1    105                        19     86       44
..................................................................


WIND (MPH)
  HIGHEST WIND SPEED    31   HIGHEST WIND DIRECTION     W (270)
  HIGHEST GUST SPEED    35   HIGHEST GUST DIRECTION     W (270)
  AVERAGE WIND SPEED    12.1


SKY COVER
  POSSIBLE SUNSHINE  MM
  AVERAGE SKY COVER 0.6


WEATHER CONDITIONS
 THE FOLLOWING WEATHER WAS RECORDED YESTERDAY.
  LIGHT RAIN
  FOG
  HAZE


RELATIVE HUMIDITY (PERCENT)
 HIGHEST    86           600 AM
 LOWEST     64           900 AM
 AVERAGE    75

..........................................................


THE LOS ANGELES INTL AIRPORT CA CLIMATE NORMALS FOR TODAY
                         NORMAL    RECORD    YEAR
 MAXIMUM TEMPERATURE (F)   67        90      2004
 MINIMUM TEMPERATURE (F)   55        44      1994


SUNRISE AND SUNSET
APRIL 26 2015.........SUNRISE   610 AM PDT   SUNSET   733 PM PDT
APRIL 27 2015.........SUNRISE   609 AM PDT   SUNSET   734 PM PDT


-  INDICATES NEGATIVE NUMBERS.
R  INDICATES RECORD WAS SET OR TIED.
MM INDICATES DATA IS MISSING.
T  INDICATES TRACE AMOUNT.




$$
