000
CDUS44 KLUB 070125
CLILBB


CLIMATE REPORT
NATIONAL WEATHER SERVICE LUBBOCK, TX
825 PM CDT WED MAY 6 2015


...................................

...THE LUBBOCK CLIMATE SUMMARY FOR MAY 6 2015...
VALID TODAY AS OF 0800 PM LOCAL TIME.

CLIMATE NORMAL PERIOD 1981 TO 2010
CLIMATE RECORD PERIOD 1911 TO 2015


WEATHER ITEM   OBSERVED TIME   RECORD YEAR NORMAL DEPARTURE LAST
                VALUE   (LST)  VALUE       VALUE  FROM      YEAR
                                                  NORMAL
..................................................................
TEMPERATURE (F)
 TODAY
  MAXIMUM         82    445 PM  99    2000  81      1       94
  MINIMUM         60   1218 AM  32    1917  53      7       61
  AVERAGE         71                        67      4       78

PRECIPITATION (IN)
  TODAY            0.00          3.71 1949   0.06  -0.06     0.00
  MONTH TO DATE    4.64                      0.33   4.31     0.00
  SINCE MAR 1      6.18                      2.84   3.34     0.74
  SINCE JAN 1      8.45                      4.24   4.21     0.90

SNOWFALL (IN)
  TODAY            0.0           T    1949   0.0    0.0      0.0
  MONTH TO DATE    0.0                       0.0    0.0      0.0
  SINCE MAR 1      1.1                       0.8    0.3       T
  SINCE JUL 1     14.7                       8.2    6.5      4.2
  SNOW DEPTH       0

DEGREE DAYS
 HEATING
  TODAY            0                         2     -2        0
  MONTH TO DATE    1                        14    -13       17
  SINCE MAR 1    513                       612    -99      627
  SINCE JUL 1   3232                      3351   -119     3479

 COOLING
  TODAY            6                         4      2       13
  MONTH TO DATE   21                        21      0       49
  SINCE MAR 1     76                        77     -1      107
  SINCE JAN 1     76                        77     -1      107
..................................................................


WIND (MPH)
  RESULTANT WIND SPEED  18   RESULTANT WIND DIRECTION  SW (210)
  HIGHEST WIND SPEED    28   HIGHEST WIND DIRECTION    SW (220)
  HIGHEST GUST SPEED    35   HIGHEST GUST DIRECTION    SW (220)
  AVERAGE WIND SPEED    18.1


SKY COVER
  AVERAGE SKY COVER 0.5


WEATHER CONDITIONS
 THE FOLLOWING WEATHER WAS RECORDED TODAY.
  FOG
  HAZE


RELATIVE HUMIDITY (PERCENT)
 HIGHEST    93           200 AM
 LOWEST     26           500 PM
 AVERAGE    60

..........................................................


THE LUBBOCK CLIMATE NORMALS FOR TOMORROW
                         NORMAL    RECORD    YEAR
 MAXIMUM TEMPERATURE (F)   81       100      2009
 MINIMUM TEMPERATURE (F)   53        29      1917


SUNRISE AND SUNSET
MAY  6 2015...........SUNRISE   654 AM CDT   SUNSET   834 PM CDT
MAY  7 2015...........SUNRISE   653 AM CDT   SUNSET   835 PM CDT


-  INDICATES NEGATIVE NUMBERS.
R  INDICATES RECORD WAS SET OR TIED.
MM INDICATES DATA IS MISSING.
T  INDICATES TRACE AMOUNT.




$$
