000
CDUS43 KLBF 260936
CLILBF

CLIMATE REPORT
NATIONAL WEATHER SERVICE NORTH PLATTE
433 AM CDT SUN APR 26 2015


...................................

...THE NORTH PLATTE NE CLIMATE SUMMARY FOR APRIL 25 2015...

CLIMATE NORMAL PERIOD 1981 TO 2010
CLIMATE RECORD PERIOD 1874 TO 2015


WEATHER ITEM   OBSERVED TIME   RECORD YEAR NORMAL DEPARTURE LAST
                VALUE   (LST)  VALUE       VALUE  FROM      YEAR
                                                  NORMAL
..................................................................
TEMPERATURE (F)
 YESTERDAY
  MAXIMUM         69    306 PM  89    1962  65      4       77
                                      1949
  MINIMUM         47    429 PM  18    2002  36     11       34
  AVERAGE         58                        51      7       56

PRECIPITATION (IN)
  YESTERDAY        T             1.06 1915   0.09  -0.09     0.00
  MONTH TO DATE    2.98                      1.82   1.16     0.18
  SINCE MAR 1      2.99                      2.87   0.12     0.97
  SINCE JAN 1      3.73                      3.71   0.02     2.02

SNOWFALL (IN)
  YESTERDAY        0.0           0.2  1907   0.0    0.0      0.0
  MONTH TO DATE    2.1                       3.0   -0.9      1.1
  SINCE MAR 1      2.4                       7.4   -5.0      7.4
  SINCE JUL 1     21.3                      28.3   -7.0     29.8
  SNOW DEPTH       0

DEGREE DAYS
 HEATING
  YESTERDAY        7                        14     -7        9
  MONTH TO DATE  373                       458    -85      417
  SINCE MAR 1   1032                      1295   -263     1291
  SINCE JUL 1   5921                      6323   -402     6482

 COOLING
  YESTERDAY        0                         0      0        0
  MONTH TO DATE    2                         0      2        2
  SINCE MAR 1      2                         0      2        2
  SINCE JAN 1      2                         0      2        2
..................................................................


WIND (MPH)
  HIGHEST WIND SPEED    21   HIGHEST WIND DIRECTION     E (80)
  HIGHEST GUST SPEED    26   HIGHEST GUST DIRECTION     E (90)
  AVERAGE WIND SPEED    10.0


SKY COVER
  POSSIBLE SUNSHINE  MM
  AVERAGE SKY COVER  MM


WEATHER CONDITIONS
 THE FOLLOWING WEATHER WAS RECORDED YESTERDAY.
  LIGHT RAIN


RELATIVE HUMIDITY (PERCENT)
 HIGHEST    MM
 LOWEST     MM
 AVERAGE    MM

..........................................................


THE NORTH PLATTE NE CLIMATE NORMALS FOR TODAY
                         NORMAL    RECORD    YEAR
 MAXIMUM TEMPERATURE (F)   66        90      1981
 MINIMUM TEMPERATURE (F)   37        23      2006


SUNRISE AND SUNSET
APRIL 26 2015.........SUNRISE   648 AM CDT   SUNSET   834 PM CDT
APRIL 27 2015.........SUNRISE   646 AM CDT   SUNSET   835 PM CDT


-  INDICATES NEGATIVE NUMBERS.
R  INDICATES RECORD WAS SET OR TIED.
MM INDICATES DATA IS MISSING.
T  INDICATES TRACE AMOUNT.

$$
