000
CDUS41 KOKX 192039
CLILGA


CLIMATE REPORT
NATIONAL WEATHER SERVICE NEW YORK NY
438 PM EDT SUN APR 19 2015


...................................

...THE LAGUARDIA NY CLIMATE SUMMARY FOR APRIL 19 2015...
VALID TODAY AS OF 0400 PM LOCAL TIME.

CLIMATE NORMAL PERIOD 1981 TO 2010
CLIMATE RECORD PERIOD 1945 TO 2015


WEATHER ITEM   OBSERVED TIME   RECORD YEAR NORMAL DEPARTURE LAST
                VALUE   (LST)  VALUE       VALUE  FROM      YEAR
                                                  NORMAL
..................................................................
TEMPERATURE (F)
 TODAY
  MAXIMUM         61   1236 AM  85    2002  62     -1       65
                                      1976
  MINIMUM         50    545 AM  35    1983  46      4       42
  AVERAGE         56                        54      2       54

PRECIPITATION (IN)
  TODAY            0.00          1.41 1978   0.13  -0.13     0.00
  MONTH TO DATE    0.54                      2.62  -2.08     2.18
  SINCE MAR 1      5.08                      6.59  -1.51     5.84
  SINCE JAN 1     12.16                     12.52  -0.36    13.13

SNOWFALL (IN)
  TODAY            0.0           T    1983   0.0    0.0      0.0
  MONTH TO DATE    0.0                       0.5   -0.5      0.3
  SINCE OCT 1     53.8                      26.9   26.9     52.4
  SINCE JUL 1     53.8                      26.9   26.9     52.4
  SNOW DEPTH       0

DEGREE DAYS
 HEATING
  TODAY            9                        11     -2       11
  MONTH TO DATE  226                       274    -48      272
  SINCE MAR 1   1060                       981     79     1130
  SINCE JUL 1   4782                      4410    372     4787

 COOLING
  TODAY            0                         0      0        0
  MONTH TO DATE    2                         0      2        0
  SINCE MAR 1      2                         0      2        0
  SINCE JAN 1      2                         0      2        0
..................................................................


WIND (MPH)
  HIGHEST WIND SPEED    17   HIGHEST WIND DIRECTION     S (160)
  HIGHEST GUST SPEED    25   HIGHEST GUST DIRECTION     S (160)
  AVERAGE WIND SPEED     9.8


SKY COVER
  AVERAGE SKY COVER 0.6


WEATHER CONDITIONS
 THE FOLLOWING WEATHER WAS RECORDED TODAY.
  NO SIGNIFICANT WEATHER WAS OBSERVED.


RELATIVE HUMIDITY (PERCENT)
 HIGHEST    45           900 AM
 LOWEST     27          1200 AM
 AVERAGE    36

..........................................................


THE LAGUARDIA NY CLIMATE NORMALS FOR TOMORROW
                         NORMAL    RECORD    YEAR
 MAXIMUM TEMPERATURE (F)   63        85      2005
 MINIMUM TEMPERATURE (F)   46        35      1953


SUNRISE AND SUNSET
APRIL 19 2015.........SUNRISE   611 AM EDT   SUNSET   739 PM EDT
APRIL 20 2015.........SUNRISE   610 AM EDT   SUNSET   740 PM EDT


-  INDICATES NEGATIVE NUMBERS.
R  INDICATES RECORD WAS SET OR TIED.
MM INDICATES DATA IS MISSING.
T  INDICATES TRACE AMOUNT.




$$
