000
CDUS44 KLZK 182115
CLILIT


CLIMATE REPORT
NATIONAL WEATHER SERVICE LITTLE ROCK AR
415 PM CDT SAT APR 18 2015


...................................

...THE LITTLE ROCK ADAMS FIELD CLIMATE SUMMARY FOR APRIL 18 2015...
VALID TODAY AS OF 0400 PM LOCAL TIME.

CLIMATE NORMAL PERIOD 1981 TO 2010
CLIMATE RECORD PERIOD 1874 TO 2015


WEATHER ITEM   OBSERVED TIME   RECORD YEAR NORMAL DEPARTURE LAST
                VALUE   (LST)  VALUE       VALUE  FROM      YEAR
                                                  NORMAL
..................................................................
TEMPERATURE (F)
 TODAY
  MAXIMUM         74   1252 PM  94    2006  74      0       75
  MINIMUM         63    609 AM  35    1983  52     11       54
  AVERAGE         69                        63      6       65

PRECIPITATION (IN)
  TODAY            T             1.74 1911   0.18  -0.18     0.01
  MONTH TO DATE    2.66                      2.98  -0.32     3.53
  SINCE MAR 1     10.76                      7.66   3.10     8.82
  SINCE JAN 1     17.57                     14.87   2.70    14.39

SNOWFALL (IN)
  TODAY            0.0          MM      MM   0.0    0.0      0.0
  MONTH TO DATE    T                         0.0    0.0       T
  SINCE MAR 1      5.7                       0.4    5.3      2.2
  SINCE JUL 1     11.1                       3.5    7.6      6.2
  SNOW DEPTH       0

DEGREE DAYS
 HEATING
  TODAY            0                         4     -4        0
  MONTH TO DATE   36                       110    -74      130
  SINCE MAR 1    431                       485    -54      625
  SINCE JUL 1   3077                      2998     79     3398

 COOLING
  TODAY            4                         2      2        0
  MONTH TO DATE   61                        26     35       28
  SINCE MAR 1     75                        40     35       28
  SINCE JAN 1     75                        42     33       28
..................................................................


WIND (MPH)
  HIGHEST WIND SPEED    13   HIGHEST WIND DIRECTION     E (110)
  HIGHEST GUST SPEED    15   HIGHEST GUST DIRECTION     E (110)
  AVERAGE WIND SPEED     3.9


SKY COVER
  POSSIBLE SUNSHINE  MM
  AVERAGE SKY COVER 0.9


WEATHER CONDITIONS
 THE FOLLOWING WEATHER WAS RECORDED TODAY.
  FOG


RELATIVE HUMIDITY (PERCENT)
 HIGHEST    93           300 AM
 LOWEST     64          1200 PM
 AVERAGE    79

..........................................................


THE LITTLE ROCK ADAMS FIELD CLIMATE NORMALS FOR TOMORROW
                         NORMAL    RECORD    YEAR
 MAXIMUM TEMPERATURE (F)   74        91      2011
 MINIMUM TEMPERATURE (F)   52        31      1983


SUNRISE AND SUNSET
APRIL 18 2015.........SUNRISE   634 AM CDT   SUNSET   743 PM CDT
APRIL 19 2015.........SUNRISE   633 AM CDT   SUNSET   744 PM CDT


-  INDICATES NEGATIVE NUMBERS.
R  INDICATES RECORD WAS SET OR TIED.
MM INDICATES DATA IS MISSING.
T  INDICATES TRACE AMOUNT.




$$
