000
CDUS43 KLOT 180633
CLILOT


CLIMATE REPORT
NATIONAL WEATHER SERVICE CHICAGO IL
132 AM CDT SAT APR 18 2015


...................................

...THE ROMEOVILLE  WFO CLIMATE SUMMARY FOR APRIL 17 2015...

CLIMATE NORMAL PERIOD 1981 TO 2010
CLIMATE RECORD PERIOD 1992 TO 2015


WEATHER ITEM   OBSERVED RECORD YEAR NORMAL DEPARTURE LAST
                VALUE   VALUE       VALUE  FROM      YEAR
                                           NORMAL
...........................................................
TEMPERATURE (F)
 YESTERDAY
  MAXIMUM         77     84    2002  62     15       60
  MINIMUM         45     28    2001  40      5       39
  AVERAGE         61                 51     10       50

PRECIPITATION (IN)
  YESTERDAY        0.00   2.27 2013   0.14  -0.14     0.00
  MONTH TO DATE    1.55               2.06  -0.51     2.06
  SINCE MAR 1      2.34               4.83  -2.49     4.17
  SINCE JAN 1      5.18               8.54  -3.36     9.03

SNOWFALL (IN)
  YESTERDAY        0.0    0.1  2001   0.0    0.0      0.0
  MONTH TO DATE    T                  0.4   -0.4      1.0
  SINCE MAR 1      5.2                4.8    0.4     11.2
  SINCE JUL 1     36.4               32.2    4.2     76.7
  SNOW DEPTH       0

DEGREE DAYS
 HEATING
  YESTERDAY        4                 14    -10
  MONTH TO DATE  204                294    -90
  SINCE MAR 1   1105               1111     -6
  SINCE JUL 1   6350               5839    511

 COOLING
  YESTERDAY        0                  0      0
  MONTH TO DATE    0                  0      0
  SINCE MAR 1      0                  0      0
  SINCE JAN 1      0                  0      0
...........................................................







THE ROMEOVILLE  WFO CLIMATE NORMALS FOR TODAY
                         NORMAL    RECORD    YEAR
 MAXIMUM TEMPERATURE (F)   62        89      2002
 MINIMUM TEMPERATURE (F)   40        27      2001


SUNRISE AND SUNSET
APRIL 18 2015.........SUNRISE   608 AM CDT   SUNSET   736 PM CDT
APRIL 19 2015.........SUNRISE   607 AM CDT   SUNSET   737 PM CDT


-  INDICATES NEGATIVE NUMBERS.
R  INDICATES RECORD WAS SET OR TIED.
MM INDICATES DATA IS MISSING.
T  INDICATES TRACE AMOUNT.




$$
