000
CDUS45 KBYZ 210932
CLILVM


CLIMATE REPORT
NATIONAL WEATHER SERVICE BILLINGS MT
330 AM MDT TUE APR 21 2015


...................................

...THE LIVINGSTON MT CLIMATE SUMMARY FOR APRIL 20 2015...

CLIMATE NORMAL PERIOD 1981 TO 2010
CLIMATE RECORD PERIOD 1948 TO 2015


WEATHER ITEM   OBSERVED TIME   RECORD YEAR NORMAL DEPARTURE LAST
                VALUE   (LST)  VALUE       VALUE  FROM      YEAR
                                                  NORMAL
..................................................................
TEMPERATURE (F)
 YESTERDAY
  MAXIMUM         64    248 PM  82    1980  56      8       64
  MINIMUM         25    542 AM  11    2008  30     -5       33
  AVERAGE         45                        43      2       49

PRECIPITATION (IN)
  YESTERDAY        0.00          0.40        0.06  -0.06     0.00
  MONTH TO DATE    0.51                      1.08  -0.57     0.64
  SINCE OCT 1      3.76                      5.28  -1.52     6.01
  SINCE JAN 1      1.97                      2.91  -0.94     3.72

DEGREE DAYS
 HEATING
  YESTERDAY       20                        22     -2       16
  MONTH TO DATE  469                       485    -16      411
  SINCE MAR 1   1075                      1396   -321     1340
  SINCE JUL 1   5689                      6744  -1055     6583

 COOLING
  YESTERDAY        0                         0      0        0
  MONTH TO DATE    0                         0      0        0
  SINCE MAR 1      0                         0      0        0
  SINCE JAN 1      0                         0      0        0
..................................................................


WIND (MPH)
  HIGHEST WIND SPEED    21   HIGHEST WIND DIRECTION     W (270)
  HIGHEST GUST SPEED    25   HIGHEST GUST DIRECTION     W (260)
  AVERAGE WIND SPEED     7.1


SKY COVER
  POSSIBLE SUNSHINE  MM
  AVERAGE SKY COVER 0.3


WEATHER CONDITIONS
 THE FOLLOWING WEATHER WAS RECORDED YESTERDAY.
  NO SIGNIFICANT WEATHER WAS OBSERVED.


RELATIVE HUMIDITY (PERCENT)
 HIGHEST    81           500 AM
 LOWEST     20           200 PM
 AVERAGE    51

..........................................................


THE LIVINGSTON MT CLIMATE NORMALS FOR TODAY
                         NORMAL    RECORD    YEAR
 MAXIMUM TEMPERATURE (F)   57        79      1989
 MINIMUM TEMPERATURE (F)   30        10      2008


SUNRISE AND SUNSET
APRIL 21 2015.........SUNRISE   626 AM MDT   SUNSET   816 PM MDT
APRIL 22 2015.........SUNRISE   624 AM MDT   SUNSET   817 PM MDT


-  INDICATES NEGATIVE NUMBERS.
R  INDICATES RECORD WAS SET OR TIED.
MM INDICATES DATA IS MISSING.
T  INDICATES TRACE AMOUNT.





&&

THIS IS AN AUTOMATED...UNATTENDED WEATHER STATION AND MAY
UNDERESTIMATE WINTER PRECIPITATION.

$$
