000
CDUS45 KTFX 012236
CLILWT


CLIMATE REPORT
NATIONAL WEATHER SERVICE GREAT FALLS MT
435 PM MDT WED APR 1 2015


...................................

...THE LEWISTOWN MT CLIMATE SUMMARY FOR APRIL 1 2015...
VALID TODAY AS OF 0400 PM LOCAL TIME.

CLIMATE NORMAL PERIOD 1981 TO 2010
CLIMATE RECORD PERIOD 1896 TO 2015


WEATHER ITEM   OBSERVED TIME   RECORD YEAR NORMAL DEPARTURE LAST
                VALUE   (LST)  VALUE       VALUE  FROM      YEAR
                                                  NORMAL
..................................................................
TEMPERATURE (F)
 TODAY
  MAXIMUM         50    122 PM  71    1991  49      1       41
  MINIMUM         36    635 AM -12    1908  26     10       18
  AVERAGE         43                        38      5       30

PRECIPITATION (IN)
  TODAY            0.00          0.47 1916   0.04  -0.04     0.00
  MONTH TO DATE    0.00                      0.04  -0.04     0.00
  SINCE OCT 1      4.53                      4.54  -0.01     4.83
  SINCE JAN 1      2.22                      2.04   0.18     2.75

SNOWFALL (IN)
  TODAY           MM
  SNOW DEPTH       0

DEGREE DAYS
 HEATING
  TODAY           22                        27     -5       35
  MONTH TO DATE   22                        27     -5       35
  SINCE MAR 1    715                      1022   -307     1152
  SINCE JUL 1   5913                      6826   -913     7208

 COOLING
  TODAY            0                         0      0        0
  MONTH TO DATE    0                         0      0        0
  SINCE MAR 1      0                         0      0        0
  SINCE JAN 1      0                         0      0        0
..................................................................


WIND (MPH)
  HIGHEST WIND SPEED    35   HIGHEST WIND DIRECTION     W (280)
  HIGHEST GUST SPEED    44   HIGHEST GUST DIRECTION     W (280)
  AVERAGE WIND SPEED    19.4


SKY COVER
  AVERAGE SKY COVER 0.5


WEATHER CONDITIONS
 THE FOLLOWING WEATHER WAS RECORDED TODAY.
  NO SIGNIFICANT WEATHER WAS OBSERVED.


RELATIVE HUMIDITY (PERCENT)
 HIGHEST    70
 LOWEST     23
 AVERAGE    47

..........................................................


THE LEWISTOWN MT CLIMATE NORMALS FOR TOMORROW
                         NORMAL    RECORD    YEAR
 MAXIMUM TEMPERATURE (F)   49        74      1990
                                             1921
 MINIMUM TEMPERATURE (F)   26       -17      1936


SUNRISE AND SUNSET
APRIL  1 2015.........SUNRISE   657 AM MDT   SUNSET   747 PM MDT
APRIL  2 2015.........SUNRISE   655 AM MDT   SUNSET   748 PM MDT


-  INDICATES NEGATIVE NUMBERS.
R  INDICATES RECORD WAS SET OR TIED.
MM INDICATES DATA IS MISSING.
T  INDICATES TRACE AMOUNT.




$$
