000
CDUS44 KMAF 180735
CLIMAF


CLIMATE REPORT
NATIONAL WEATHER SERVICE MIDLAND/ODESSA TX
234 AM CDT SAT APR 18 2015


...................................

...THE MIDLAND CLIMATE SUMMARY FOR APRIL 17 2015...

CLIMATE NORMAL PERIOD 1981 TO 2010
CLIMATE RECORD PERIOD 1930 TO 2015


WEATHER ITEM   OBSERVED TIME   RECORD YEAR NORMAL DEPARTURE LAST
                VALUE   (LST)  VALUE       VALUE  FROM      YEAR
                                                  NORMAL
..................................................................
TEMPERATURE (F)
 YESTERDAY
  MAXIMUM         80    406 PM  97    1975  80      0       77
  MINIMUM         55    653 AM  27    1947  50      5       52
  AVERAGE         68                        65      3       65

PRECIPITATION (IN)
  YESTERDAY        0.00          1.62 1979   0.02  -0.02     0.00
  MONTH TO DATE    0.85                      0.36   0.49      T
  SINCE MAR 1      2.50                      0.96   1.54     0.19
  SINCE JAN 1      5.19                      2.23   2.96     0.45

SNOWFALL (IN)
  YESTERDAY        0.0
  MONTH TO DATE    0.0
  SINCE MAR 1      T
  SINCE JUL 1      3.6
  SNOW DEPTH       0

DEGREE DAYS
 HEATING
  YESTERDAY        0                         3     -3        0
  MONTH TO DATE   30                        83    -53       68
  SINCE MAR 1    368                       390    -22      350
  SINCE JUL 1   2518                      2627   -109     2598

 COOLING
  YESTERDAY        3                         3      0        0
  MONTH TO DATE   78                        36     42       67
  SINCE MAR 1    104                        52     52       90
  SINCE JAN 1    105                        54     51       92
..................................................................


WIND (MPH)
  HIGHEST WIND SPEED    18   HIGHEST WIND DIRECTION     N (10)
  HIGHEST GUST SPEED    23   HIGHEST GUST DIRECTION     N (350)
  AVERAGE WIND SPEED     7.2


SKY COVER
  POSSIBLE SUNSHINE  MM
  AVERAGE SKY COVER 0.2


WEATHER CONDITIONS
 THE FOLLOWING WEATHER WAS RECORDED YESTERDAY.
  FOG


RELATIVE HUMIDITY (PERCENT)
 HIGHEST    93           100 AM
 LOWEST     15           100 PM
 AVERAGE    54

..........................................................


THE MIDLAND CLIMATE NORMALS FOR TODAY
                         NORMAL    RECORD    YEAR
 MAXIMUM TEMPERATURE (F)   80        96      2011
                                             1948
 MINIMUM TEMPERATURE (F)   50        34      2008
                                             1998


SUNRISE AND SUNSET
APRIL 18 2015.........SUNRISE   717 AM CDT   SUNSET   820 PM CDT
APRIL 19 2015.........SUNRISE   716 AM CDT   SUNSET   821 PM CDT


-  INDICATES NEGATIVE NUMBERS.
R  INDICATES RECORD WAS SET OR TIED.
MM INDICATES DATA IS MISSING.
T  INDICATES TRACE AMOUNT.




$$
