000
CDAK49 PAMC 180922
CLIMCG

CLIMATE REPORT
NATIONAL WEATHER SERVICE MCGRATH, AK
123 AM AKDT SAT APR 18 2015

...................................
...THE MCGRATH AIRPORT CLIMATE SUMMARY FOR APRIL 17 2015...

CLIMATE NORMAL PERIOD  1981 TO  2015
CLIMATE RECORD PERIOD  1939 TO  2015

WEATHER ITEM   OBSERVED TIME    RECORD YEAR NORMAL DEPARTURE LAST
               VALUE    (LST)   VALUE       VALUE  FROM      YEAR
                                                   NORMAL
...................................................................
TEMPERATURE
YESTERDAY
 MAXIMUM            46  0707 PM    56  2012     42       4     50
 MINIMUM            25  0631 AM   -13  1984     20       5     24
 AVERAGE            36                          31       5     37

PRECIPITATION
(INCHES)
 YESTERDAY           T           0.35  1972   0.02   -0.02      T
 MONTH TO DATE    0.24                        0.40   -0.16   0.07
 SINCE MAR 1      0.38                        1.21   -0.83   0.11
 SINCE JAN 1      0.82                        3.24   -2.42   1.80

SNOWFALL
(INCHES)
 YESTERDAY           T            8.0  1972    0.2    -0.2    0.0
 MONTH TO DATE     3.3                         3.6    -0.3    0.7
 SINCE MAR 1       8.5                        14.9    -6.4    1.1
 SINCE JUL 1      41.6                        94.9   -53.3   47.1
 SNOW DEPTH (IN)     T                                          8

DEGREE DAYS
 HEATING
  YESTERDAY         29                          34      -5     28
  MONTH TO DATE    563                         679    -116    690
  SINCE MAR 1     2023                        2335    -312   2290
  SINCE JUL 1    11089                       12573   -1484  11117

 COOLING
  YESTERDAY          0                           0       0      0
  MONTH TO DATE      0                           0       0      0
  SINCE MAR 1        0                           0       0      0
  SINCE JAN 1        0                           0       0      0
...................................................................

WIND (MPH)
 HIGHEST WIND SPEED    18     HIGHEST WIND DIRECTION     90
 HIGHEST GUST SPEED    24     HIGHEST GUST DIRECTION     80
 AVERAGE WIND SPEED   5.2

WEATHER CONDITIONS
 THE FOLLOWING WEATHER WAS RECORDED YESTERDAY.
  FOG
RAIN
SNOW

...................................................................

THE MCGRATH CLIMATE NORMALS FOR TODAY
                           NORMAL    RECORD   YEAR
 MAXIMUM TEMPERATURE (F)     42        61     1998
 MINIMUM TEMPERATURE (F)     21       -18     2005

SUNRISE AND SUNSET
 APR 18 2015..........SUNRISE  6:46 AM      SUNSET 10:01 PM
 APR 19 2015..........SUNRISE  6:43 AM      SUNSET 10:04 PM

-  INDICATES NEGATIVE NUMBERS.
R  INDICATES RECORD HAS BEEN SET OR TIED.
MM INDICATES DATA IS MISSING.
T  INDICATES TRACE OF PRECIPITATION.

&&
-------------------------------------------------------------------

AMOUNT OF DAYLIGHT TODAY  (HOUR:MIN)........15 HOURS 15 MINUTES
GAIN/LOSS SINCE YESTERDAY (HOUR:MIN:SEC)....+0:06:13

$$
TR APR 15
