000
CDUS42 KFFC 210817
CLIMCN


CLIMATE REPORT
NATIONAL WEATHER SERVICE PEACHTREE CITY GA
417 AM EDT TUE APR 21 2015


...................................

...THE MACON CLIMATE SUMMARY FOR APRIL 20 2015...

CLIMATE NORMAL PERIOD 1981 TO 2010
CLIMATE RECORD PERIOD 1899 TO 2015


WEATHER ITEM   OBSERVED TIME   RECORD YEAR NORMAL DEPARTURE LAST
                VALUE   (LST)  VALUE       VALUE  FROM      YEAR
                                                  NORMAL
..................................................................
TEMPERATURE (F)
 YESTERDAY
  MAXIMUM         73    558 PM  92    1994  78     -5       74
  MINIMUM         64   1159 PM  31    1983  51     13       49
  AVERAGE         69                        64      5       62

PRECIPITATION (IN)
  YESTERDAY        0.01          2.17 1912   0.09  -0.08     0.00
  MONTH TO DATE    4.35                      2.12   2.23     6.12
  SINCE MAR 1      6.63                      6.67  -0.04    10.05
  SINCE JAN 1     13.43                     15.27  -1.84    17.88

DEGREE DAYS
 HEATING
  YESTERDAY        0                         3     -3        3
  MONTH TO DATE   25                        89    -64      100
  SINCE MAR 1    233                       361   -128      471
  SINCE JUL 1   2446                      2286    160     2604

 COOLING
  YESTERDAY        4                         2      2        0
  MONTH TO DATE   91                        32     59       21
  SINCE MAR 1    103                        50     53       21
  SINCE JAN 1    103                        53     50       22
..................................................................


WIND (MPH)
  RESULTANT WIND SPEED   7   RESULTANT WIND DIRECTION  SW (220)
  HIGHEST WIND SPEED    18   HIGHEST WIND DIRECTION    SW (210)
  HIGHEST GUST SPEED    29   HIGHEST GUST DIRECTION    SW (220)
  AVERAGE WIND SPEED     7.7


SKY COVER
  AVERAGE SKY COVER 0.5


WEATHER CONDITIONS
 THE FOLLOWING WEATHER WAS RECORDED YESTERDAY.
  LIGHT RAIN


RELATIVE HUMIDITY (PERCENT)
 HIGHEST    93          1200 AM
 LOWEST     68           400 PM
 AVERAGE    81

..........................................................


THE MACON CLIMATE NORMALS FOR TODAY
                         NORMAL    RECORD    YEAR
 MAXIMUM TEMPERATURE (F)   78        92      1987
 MINIMUM TEMPERATURE (F)   51        34      1953


SUNRISE AND SUNSET
APRIL 21 2015.........SUNRISE   658 AM EDT   SUNSET   809 PM EDT
APRIL 22 2015.........SUNRISE   657 AM EDT   SUNSET   809 PM EDT


-  INDICATES NEGATIVE NUMBERS.
R  INDICATES RECORD WAS SET OR TIED.
MM INDICATES DATA IS MISSING.
T  INDICATES TRACE AMOUNT.




$$
