000
CDUS42 KMLB 252032
CLIMCO


CLIMATE REPORT
NATIONAL WEATHER SERVICE MELBOURNE FL
431 PM EDT SAT APR 25 2015


...................................

...THE ORLANDO  CLIMATE SUMMARY FOR APRIL 25 2015...
VALID TODAY AS OF 400 PM LOCAL TIME.

CLIMATE NORMAL PERIOD 1981 TO 2010
CLIMATE RECORD PERIOD 1892 TO 2015


WEATHER ITEM   OBSERVED TIME   RECORD YEAR NORMAL DEPARTURE LAST
                VALUE   (LST)  VALUE       VALUE  FROM      YEAR
                                                  NORMAL
..................................................................
TEMPERATURE (F)
 TODAY
  MAXIMUM         90    255 PM  97    1908  84      6       88
  MINIMUM         68    450 AM  44    2012  62      6       67
  AVERAGE         79                        73      6       78

PRECIPITATION (IN)
  TODAY            0.00          2.74 1918   0.08  -0.08     0.00
  MONTH TO DATE    3.66                      2.32   1.34     2.35
  SINCE MAR 1      4.41                      6.09  -1.68     6.87
  SINCE JAN 1     12.51                     10.82   1.69    11.91

SNOWFALL (IN)
  TODAY            0.0
  MONTH TO DATE    0.0
  SINCE MAR 1      0.0
  SINCE JUL 1      0.0

DEGREE DAYS
 HEATING
  TODAY            0                         0      0        0
  MONTH TO DATE    0                        11    -11        0
  SINCE MAR 1     16                        70    -54       42
  SINCE JUL 1    486                       569    -83      406

 COOLING
  TODAY           14                         8      6       13
  MONTH TO DATE  320                       157    163      188
  SINCE MAR 1    588                       275    313      295
  SINCE JAN 1    662                       379    283      445
..................................................................


WIND (MPH)
  HIGHEST WIND SPEED    17   HIGHEST WIND DIRECTION    SW (230)
  HIGHEST GUST SPEED    23   HIGHEST GUST DIRECTION    SW (220)
  AVERAGE WIND SPEED     8.1


SKY COVER
  AVERAGE SKY COVER 0.7


WEATHER CONDITIONS
 THE FOLLOWING WEATHER WAS RECORDED TODAY.
  NO SIGNIFICANT WEATHER WAS OBSERVED.


RELATIVE HUMIDITY (PERCENT)
 HIGHEST    97           500 AM
 LOWEST     52           300 PM
 AVERAGE    75

..........................................................


THE ORLANDO  CLIMATE NORMALS FOR TOMORROW
                         NORMAL    RECORD    YEAR
 MAXIMUM TEMPERATURE (F)   84        98      1908
 MINIMUM TEMPERATURE (F)   62        47      1910


SUNRISE AND SUNSET
APRIL 25 2015.........SUNRISE   650 AM EDT   SUNSET   757 PM EDT
APRIL 26 2015.........SUNRISE   649 AM EDT   SUNSET   757 PM EDT


-  INDICATES NEGATIVE NUMBERS.
R  INDICATES RECORD WAS SET OR TIED.
MM INDICATES DATA IS MISSING.
T  INDICATES TRACE AMOUNT.




$$
