000
CDUS41 KPBZ 030704
CLIMGW


CLIMATE REPORT
NATIONAL WEATHER SERVICE PITTSBURGH PA
304 AM EDT SUN MAY 3 2015


...................................

...THE MORGANTOWN WV CLIMATE SUMMARY FOR MAY 2 2015...

CLIMATE NORMAL PERIOD 1981 TO 2010
CLIMATE RECORD PERIOD 1948 TO 2015


WEATHER ITEM   OBSERVED TIME   RECORD YEAR NORMAL DEPARTURE LAST
                VALUE   (LST)  VALUE       VALUE  FROM      YEAR
                                                  NORMAL
..................................................................
TEMPERATURE (F)
 YESTERDAY
  MAXIMUM         73    124 PM  89    1954  69      4       58
  MINIMUM         41    546 AM  27    1963  46     -5       50
  AVERAGE         57                        58     -1       54

PRECIPITATION (IN)
  YESTERDAY        0.00         MM      MM   0.13  -0.13     0.00
  MONTH TO DATE    0.01                      0.26  -0.25     0.01
  SINCE JUN 1     42.27                     37.48   4.79    39.40
  SINCE JAN 1     16.04                     12.84   3.20    10.97

DEGREE DAYS
 HEATING
  YESTERDAY        8                         8      0       11
  MONTH TO DATE   16                        16      0       17
  SINCE MAR 1   1090                      1110    -20     1178
  SINCE JUL 1   5214                      4999    215     5304

 COOLING
  YESTERDAY        0                         1     -1        0
  MONTH TO DATE    0                         2     -2        0
  SINCE MAR 1      8                        18    -10       18
  SINCE JAN 1      8                        18    -10       18
..................................................................


WIND (MPH)
  HIGHEST WIND SPEED    10   HIGHEST WIND DIRECTION     N (350)
  HIGHEST GUST SPEED    16   HIGHEST GUST DIRECTION    NW (310)
  AVERAGE WIND SPEED     2.1


SKY COVER
  POSSIBLE SUNSHINE  MM
  AVERAGE SKY COVER 0.2


WEATHER CONDITIONS
 THE FOLLOWING WEATHER WAS RECORDED YESTERDAY.
  NO SIGNIFICANT WEATHER WAS OBSERVED.


RELATIVE HUMIDITY (PERCENT)
 HIGHEST    83           300 AM
 LOWEST     25           500 PM
 AVERAGE    54

..........................................................


THE MORGANTOWN WV CLIMATE NORMALS FOR TODAY
                         NORMAL    RECORD    YEAR
 MAXIMUM TEMPERATURE (F)   69        88      2012
                                             1965
 MINIMUM TEMPERATURE (F)   47        33      1986


SUNRISE AND SUNSET
MAY  3 2015...........SUNRISE   618 AM EDT   SUNSET   815 PM EDT
MAY  4 2015...........SUNRISE   617 AM EDT   SUNSET   816 PM EDT


-  INDICATES NEGATIVE NUMBERS.
R  INDICATES RECORD WAS SET OR TIED.
MM INDICATES DATA IS MISSING.
T  INDICATES TRACE AMOUNT.




$$
