000
CDUS44 KMEG 250633
CLIMKL


CLIMATE REPORT
NATIONAL WEATHER SERVICE MEMPHIS TN
132 AM CDT SAT APR 25 2015


...................................

...THE JACKSON CLIMATE SUMMARY FOR APRIL 24 2015...

CLIMATE NORMAL PERIOD 1981 TO 2010
CLIMATE RECORD PERIOD 1948 TO 2015


WEATHER ITEM   OBSERVED TIME   RECORD YEAR NORMAL DEPARTURE LAST
                VALUE   (LST)  VALUE       VALUE  FROM      YEAR
                                                  NORMAL
..................................................................
TEMPERATURE (F)
 YESTERDAY
  MAXIMUM         68   1133 AM  90    1965  75     -7       81
  MINIMUM         45    438 AM  34    2013  51     -6       45
  AVERAGE         57                        62     -5       63

PRECIPITATION (IN)
  YESTERDAY        0.32          1.71 1953   0.17   0.15     0.20
  MONTH TO DATE    4.82                      3.84   0.98     2.80
  SINCE MAR 1      9.78                      8.59   1.19     8.64
  SINCE JAN 1     15.67                     16.83  -1.16    16.80

SNOWFALL (IN)
  YESTERDAY        0.0          MM      MM   0.0    0.0      0.0
  MONTH TO DATE    0.0                       0.1   -0.1       T
  SINCE MAR 1      4.4                       0.5    3.9      0.8
  SINCE JUL 1      5.9                       4.7    1.2      1.3
  SNOW DEPTH       0

DEGREE DAYS
 HEATING
  YESTERDAY        8                         5      3        2
  MONTH TO DATE  102                       175    -73      174
  SINCE MAR 1    581                       619    -38      768
  SINCE JUL 1   3754                      3503    251     4064

 COOLING
  YESTERDAY        0                         2     -2        0
  MONTH TO DATE   54                        34     20       31
  SINCE MAR 1     56                        44     12       31
  SINCE JAN 1     56                        45     11       31
..................................................................


WIND (MPH)
  HIGHEST WIND SPEED    15   HIGHEST WIND DIRECTION    SE (150)
  HIGHEST GUST SPEED    21   HIGHEST GUST DIRECTION    SE (140)
  AVERAGE WIND SPEED     4.9


SKY COVER
  POSSIBLE SUNSHINE  MM
  AVERAGE SKY COVER 0.6


WEATHER CONDITIONS
 THE FOLLOWING WEATHER WAS RECORDED YESTERDAY.
  LIGHT RAIN
  FOG


RELATIVE HUMIDITY (PERCENT)
 HIGHEST    93           900 PM
 LOWEST     34          1100 AM
 AVERAGE    64

..........................................................


THE JACKSON CLIMATE NORMALS FOR TODAY
                         NORMAL    RECORD    YEAR
 MAXIMUM TEMPERATURE (F)   75        87      2009
                                             1986
                                             1954
 MINIMUM TEMPERATURE (F)   51        32      2013


SUNRISE AND SUNSET
APRIL 25 2015.........SUNRISE   611 AM CDT   SUNSET   737 PM CDT
APRIL 26 2015.........SUNRISE   610 AM CDT   SUNSET   738 PM CDT


-  INDICATES NEGATIVE NUMBERS.
R  INDICATES RECORD WAS SET OR TIED.
MM INDICATES DATA IS MISSING.
T  INDICATES TRACE AMOUNT.




$$
