000
CDUS42 KMLB 252032
CLIMLB


CLIMATE REPORT
NATIONAL WEATHER SERVICE MELBOURNE FL
431 PM EDT SAT APR 25 2015


...................................

...THE MELBOURNE CLIMATE SUMMARY FOR APRIL 25 2015...
VALID TODAY AS OF 400 PM LOCAL TIME.

CLIMATE NORMAL PERIOD 1981 TO 2010
CLIMATE RECORD PERIOD 1939 TO 2015


WEATHER ITEM   OBSERVED TIME   RECORD YEAR NORMAL DEPARTURE LAST
                VALUE   (LST)  VALUE       VALUE  FROM      YEAR
                                                  NORMAL
..................................................................
TEMPERATURE (F)
 TODAY
  MAXIMUM         91    259 PM  97    1967  82      9       85
  MINIMUM         72    621 AM  40    1968  62     10       65
  AVERAGE         82                        72     10       75

PRECIPITATION (IN)
  TODAY            T             1.42 1991   0.06  -0.06     0.00
  MONTH TO DATE    3.45                      1.80   1.65     3.36
  SINCE MAR 1      3.88                      5.08  -1.20     5.38
  SINCE JAN 1      9.99                      9.88   0.11    12.44

SNOWFALL (IN)
  TODAY            0.0
  MONTH TO DATE    0.0
  SINCE JUL 1      0.0

DEGREE DAYS
 HEATING
  TODAY            0                         0      0        0
  MONTH TO DATE    0                        15    -15        3
  SINCE MAR 1     14                        86    -72       52
  SINCE JUL 1    424                       575   -151      358

 COOLING
  TODAY           17                         7     10       10
  MONTH TO DATE  306                       138    168      168
  SINCE MAR 1    545                       237    308      279
  SINCE JAN 1    643                       335    308      447
..................................................................


WIND (MPH)
  HIGHEST WIND SPEED    15   HIGHEST WIND DIRECTION    SW (240)
  HIGHEST GUST SPEED    20   HIGHEST GUST DIRECTION     S (160)
  AVERAGE WIND SPEED     8.1


SKY COVER
  AVERAGE SKY COVER 0.3


WEATHER CONDITIONS
 THE FOLLOWING WEATHER WAS RECORDED TODAY.
  LIGHT RAIN


RELATIVE HUMIDITY (PERCENT)
 HIGHEST    87           500 AM
 LOWEST     56           300 PM
 AVERAGE    72

..........................................................


THE MELBOURNE CLIMATE NORMALS FOR TOMORROW
                         NORMAL    RECORD    YEAR
 MAXIMUM TEMPERATURE (F)   82        92      2006
 MINIMUM TEMPERATURE (F)   62        47      1983
                                             1968


SUNRISE AND SUNSET
APRIL 25 2015.........SUNRISE   648 AM EDT   SUNSET   754 PM EDT
APRIL 26 2015.........SUNRISE   647 AM EDT   SUNSET   754 PM EDT


-  INDICATES NEGATIVE NUMBERS.
R  INDICATES RECORD WAS SET OR TIED.
MM INDICATES DATA IS MISSING.
T  INDICATES TRACE AMOUNT.




$$
