000
CDUS41 KCAR 210535
CLIMLT


CLIMATE REPORT
NATIONAL WEATHER SERVICE CARIBOU, ME
131 AM EDT TUE APR 21 2015


...................................

...THE MILLINOCKET ME CLIMATE SUMMARY FOR APRIL 20 2015...

CLIMATE NORMAL PERIOD 1981 TO 2010
CLIMATE RECORD PERIOD 1903 TO 2015


WEATHER ITEM   OBSERVED TIME   RECORD YEAR NORMAL DEPARTURE LAST
                VALUE   (LST)  VALUE       VALUE  FROM      YEAR
                                                  NORMAL
..................................................................
TEMPERATURE (F)
 YESTERDAY
  MAXIMUM         54   1049 AM  85    1927  54      0       54
  MINIMUM         26    405 AM  18    1974  33     -7       28
  AVERAGE         40                        43     -3       41

PRECIPITATION (IN)
  YESTERDAY        T             1.08 1950   0.11  -0.11     0.00
  MONTH TO DATE    0.69                      2.47  -1.78     1.88
  SINCE MAR 1      2.48                      5.53  -3.05     4.48
  SINCE JAN 1      5.71                     10.64  -4.93     9.67

SNOWFALL (IN)
  YESTERDAY       MM            MM      MM  MM     MM       MM
  MONTH TO DATE    0.0                      MM     MM       MM
  SINCE MAR 1      0.0                      MM     MM       MM
  SINCE JUL 1      0.0                      MM     MM       MM
  SNOW DEPTH      MM

DEGREE DAYS
 HEATING
  YESTERDAY       25                        22      3       24
  MONTH TO DATE  545                       530     15      522
  SINCE MAR 1   1802                      1677    125     1900
  SINCE JUL 1   7847                      7729    118     7938

 COOLING
  YESTERDAY        0                         0      0        0
  MONTH TO DATE    0                         0      0        0
  SINCE MAR 1      0                         0      0        0
  SINCE JAN 1      0                         0      0        0
..................................................................


WIND (MPH)
  HIGHEST WIND SPEED    15   HIGHEST WIND DIRECTION    SE (130)
  HIGHEST GUST SPEED    23   HIGHEST GUST DIRECTION    SE (140)
  AVERAGE WIND SPEED     6.3


SKY COVER
  POSSIBLE SUNSHINE  MM
  AVERAGE SKY COVER 0.4


WEATHER CONDITIONS
 THE FOLLOWING WEATHER WAS RECORDED YESTERDAY.
  LIGHT RAIN


RELATIVE HUMIDITY (PERCENT)
 HIGHEST    86          1000 PM
 LOWEST     26           900 AM
 AVERAGE    56

..........................................................


THE MILLINOCKET ME CLIMATE NORMALS FOR TODAY
                         NORMAL    RECORD    YEAR
 MAXIMUM TEMPERATURE (F)   54        78      1931
 MINIMUM TEMPERATURE (F)   34        15      1908


SUNRISE AND SUNSET
APRIL 21 2015.........SUNRISE   539 AM EDT   SUNSET   729 PM EDT
APRIL 22 2015.........SUNRISE   537 AM EDT   SUNSET   730 PM EDT


-  INDICATES NEGATIVE NUMBERS.
R  INDICATES RECORD WAS SET OR TIED.
MM INDICATES DATA IS MISSING.
T  INDICATES TRACE AMOUNT.




$$
