000
CDUS41 KPHI 030646
CLIMPO


CLIMATE REPORT
NATIONAL WEATHER SERVICE MOUNT HOLLY NJ
245 AM EDT SUN MAY 3 2015


...................................

...THE MOUNT POCONO PA CLIMATE SUMMARY FOR MAY 2 2015...

CLIMATE NORMAL PERIOD 1981 TO 2010
CLIMATE RECORD PERIOD 1901 TO 2015


WEATHER ITEM   OBSERVED TIME   RECORD YEAR NORMAL DEPARTURE LAST
                VALUE   (LST)  VALUE       VALUE  FROM      YEAR
                                                  NORMAL
..................................................................
TEMPERATURE (F)
 YESTERDAY
  MAXIMUM         70    305 PM  83    1913  62      8       57
  MINIMUM         38    157 AM  20    1903  41     -3       39
  AVERAGE         54                        51      3       48

PRECIPITATION (IN)
  YESTERDAY        0.00          1.48 2004   0.11  -0.11     0.00
  MONTH TO DATE    0.01                      0.22  -0.21     0.15
  SINCE MAR 1      5.24                      8.07  -2.83     8.21
  SINCE JAN 1      8.59                     13.33  -4.74    14.60

SNOWFALL (IN)
  YESTERDAY        0.0          MM      MM  MM     MM       MM
  MONTH TO DATE    0.0                      MM     MM       MM
  SINCE MAR 1      0.0                      MM     MM       MM
  SINCE JUL 1      0.0                      MM     MM       MM
  SNOW DEPTH       0

DEGREE DAYS
 HEATING
  YESTERDAY       11                        14     -3       17
  MONTH TO DATE   27                        28     -1       24
  SINCE MAR 1   1718                      1599    119     1798
  SINCE JUL 1   7153                      6722    431     7225

 COOLING
  YESTERDAY        0                         0      0        0
  MONTH TO DATE    0                         0      0        0
  SINCE MAR 1      0                         4     -4        0
  SINCE JAN 1      0                         4     -4        0
..................................................................


WIND (MPH)
  HIGHEST WIND SPEED    17   HIGHEST WIND DIRECTION    NE (40)
  HIGHEST GUST SPEED    23   HIGHEST GUST DIRECTION     N (20)
  AVERAGE WIND SPEED     6.5


SKY COVER
  POSSIBLE SUNSHINE  MM
  AVERAGE SKY COVER 0.3


WEATHER CONDITIONS
 THE FOLLOWING WEATHER WAS RECORDED YESTERDAY.
  FOG


RELATIVE HUMIDITY (PERCENT)
 HIGHEST    92           200 AM
 LOWEST     26           300 PM
 AVERAGE    59

..........................................................


THE MOUNT POCONO PA CLIMATE NORMALS FOR TODAY
                         NORMAL    RECORD    YEAR
 MAXIMUM TEMPERATURE (F)   62        85      1913
 MINIMUM TEMPERATURE (F)   41        22      1914


SUNRISE AND SUNSET
MAY  3 2015...........SUNRISE   557 AM EDT   SUNSET   800 PM EDT
MAY  4 2015...........SUNRISE   556 AM EDT   SUNSET   802 PM EDT


-  INDICATES NEGATIVE NUMBERS.
R  INDICATES RECORD WAS SET OR TIED.
MM INDICATES DATA IS MISSING.
T  INDICATES TRACE AMOUNT.




$$
