000
CDUS43 KMQT 270526
CLIMQT


CLIMATE REPORT
NATIONAL WEATHER SERVICE MARQUETTE MI
125 AM EDT MON APR 27 2015


...................................

...THE MARQUETTE MI CLIMATE SUMMARY FOR APRIL 26 2015...

CLIMATE NORMAL PERIOD 1981 TO 2010
CLIMATE RECORD PERIOD 1961 TO 2015


WEATHER ITEM   OBSERVED RECORD YEAR NORMAL DEPARTURE LAST
                VALUE   VALUE       VALUE  FROM      YEAR
                                           NORMAL
...........................................................
TEMPERATURE (F)
 YESTERDAY
  MAXIMUM         46     85    1990  53     -7       37
  MINIMUM         28     19    1993  33     -5       23
  AVERAGE         37                 43     -6       30

PRECIPITATION (IN)
  YESTERDAY        0.00   1.50 2011   0.09  -0.09     0.02
  MONTH TO DATE    2.50               2.63  -0.13     3.46
  SINCE MAR 1      3.76               5.66  -1.90     5.42
  SINCE JAN 1      6.68              10.21  -3.53     8.94

SNOWFALL (IN)
  YESTERDAY        0.0    4.8  1996   0.3   -0.3      0.2
  MONTH TO DATE   13.1               13.7   -0.6     31.7
  SINCE MAR 1     24.4               48.6  -24.2     61.7
  SINCE JUL 1    178.4              201.0  -22.6    191.2
  SNOW DEPTH       0

DEGREE DAYS
 HEATING
  YESTERDAY       28                 22      6       35
  MONTH TO DATE  720                729     -9      837
  SINCE MAR 1   1969               1992    -23     2360
  SINCE JUL 1   9280               8616    664     9682

 COOLING
  YESTERDAY        0                  0      0        0
  MONTH TO DATE    0                  0      0        0
  SINCE MAR 1      0                  0      0        0
  SINCE JAN 1      0                  0      0        0
...........................................................


WIND (MPH)
  RESULTANT WIND SPEED  MM   RESULTANT WIND DIRECTION  MM
  HIGHEST WIND SPEED    MM   HIGHEST WIND DIRECTION    MM
  HIGHEST GUST SPEED    21   HIGHEST GUST DIRECTION     N (360)
  AVERAGE WIND SPEED    MM


SKY COVER
  POSSIBLE SUNSHINE  MM
  AVERAGE SKY COVER  MM


WEATHER CONDITIONS
 THE FOLLOWING WEATHER WAS RECORDED YESTERDAY.
  NO SIGNIFICANT WEATHER WAS OBSERVED.


RELATIVE HUMIDITY (PERCENT)
 HIGHEST    MM
 LOWEST     MM
 AVERAGE    MM

..........................................................


THE MARQUETTE MI CLIMATE NORMALS FOR TODAY
                         NORMAL    RECORD    YEAR
 MAXIMUM TEMPERATURE (F)   54        82      1986
 MINIMUM TEMPERATURE (F)   33        15      2004


SUNRISE AND SUNSET
APRIL 27 2015.........SUNRISE   643 AM EDT   SUNSET   854 PM EDT
APRIL 28 2015.........SUNRISE   641 AM EDT   SUNSET   855 PM EDT


-  INDICATES NEGATIVE NUMBERS.
R  INDICATES RECORD WAS SET OR TIED.
MM INDICATES DATA IS MISSING.
T  INDICATES TRACE AMOUNT.


$$

TITUS
