000
CDUS41 KLWX 190522
CLIMRB


CLIMATE REPORT
NATIONAL WEATHER SERVICE BALTIMORE MD/WASHINGTON DC
122 AM EDT SUN APR 19 2015


...................................

...THE MARTINSBURG WV CLIMATE SUMMARY FOR APRIL 18 2015...

CLIMATE NORMAL PERIOD 1981 TO 2010
CLIMATE RECORD PERIOD 1926 TO 2015


WEATHER ITEM   OBSERVED TIME   RECORD YEAR NORMAL DEPARTURE LAST
                VALUE   (LST)  VALUE       VALUE  FROM      YEAR
                                                  NORMAL
..................................................................
TEMPERATURE (F)
 YESTERDAY
  MAXIMUM         80    328 PM  92    1976  65     15       57
  MINIMUM         47    602 AM  23    1928  42      5       34
  AVERAGE         64                        53     11       46

PRECIPITATION (IN)
  YESTERDAY        0.00          0.75 1939   0.11  -0.11     0.00
  MONTH TO DATE    0.88                      1.99  -1.11     1.23
  SINCE MAR 1      3.18                      5.51  -2.33     3.35
  SINCE JAN 1      5.47                     10.29  -4.82     7.10

DEGREE DAYS
 HEATING
  YESTERDAY        1                        12    -11       19
  MONTH TO DATE  153                       263   -110      230
  SINCE MAR 1    895                       977    -82     1065
  SINCE JUL 1   4818                      4933   -115     5158

 COOLING
  YESTERDAY        0                         0      0        0
  MONTH TO DATE    1                         0      1        7
  SINCE MAR 1      1                         1      0        7
  SINCE JAN 1      1                         1      0        7
..................................................................


WIND (MPH)
  HIGHEST WIND SPEED    13   HIGHEST WIND DIRECTION    NE (30)
  HIGHEST GUST SPEED    15   HIGHEST GUST DIRECTION    NE (40)
  AVERAGE WIND SPEED     2.2


SKY COVER
  POSSIBLE SUNSHINE  MM
  AVERAGE SKY COVER 0.0


WEATHER CONDITIONS
 THE FOLLOWING WEATHER WAS RECORDED YESTERDAY.
  FOG
  HAZE


RELATIVE HUMIDITY (PERCENT)
 HIGHEST    93           500 AM
 LOWEST     27           100 PM
 AVERAGE    60

..........................................................


THE MARTINSBURG WV CLIMATE NORMALS FOR TODAY
                         NORMAL    RECORD    YEAR
 MAXIMUM TEMPERATURE (F)   65        91      1976
 MINIMUM TEMPERATURE (F)   42        25      1928


SUNRISE AND SUNSET
APRIL 19 2015.........SUNRISE   629 AM EDT   SUNSET   753 PM EDT
APRIL 20 2015.........SUNRISE   628 AM EDT   SUNSET   754 PM EDT


-  INDICATES NEGATIVE NUMBERS.
R  INDICATES RECORD WAS SET OR TIED.
MM INDICATES DATA IS MISSING.
T  INDICATES TRACE AMOUNT.




$$
