000
CDUS45 KMSO 012231
CLIMSO


CLIMATE REPORT
NATIONAL WEATHER SERVICE MISSOULA, MT
430 PM MDT WED APR 1 2015


...................................

...THE MISSOULA MT CLIMATE SUMMARY FOR APRIL 1 2015...
VALID TODAY AS OF 0400 PM LOCAL TIME.

CLIMATE NORMAL PERIOD 1981 TO 2010
CLIMATE RECORD PERIOD 1893 TO 2015


WEATHER ITEM   OBSERVED TIME   RECORD YEAR NORMAL DEPARTURE LAST
                VALUE   (LST)  VALUE       VALUE  FROM      YEAR
                                                  NORMAL
..................................................................
TEMPERATURE (F)
 TODAY
  MAXIMUM         44    253 PM  78    1900  55    -11       56
  MINIMUM         31   1248 AM   2    1936  31      0       25
  AVERAGE         38                        43     -5       41

PRECIPITATION (IN)
  TODAY            0.02          0.23 1968   0.04  -0.02     0.00
  MONTH TO DATE    0.02                      0.04  -0.02     0.00
  SINCE OCT 1      8.03                      5.52   2.51     6.82
  SINCE JAN 1      2.72                      2.59   0.13     5.11

SNOWFALL (IN)
  TODAY           MM
  MONTH TO DATE   MM
  SINCE JAN 1     12.7
  SINCE JUL 1     33.3
  SNOW DEPTH       0

DEGREE DAYS
 HEATING
  TODAY           27                        22      5       24
  MONTH TO DATE   27                        22      5       24
  SINCE MAR 1    747                       836    -89      892
  SINCE JUL 1   5739                      6205   -466     6402

 COOLING
  TODAY            0                         0      0        0
  MONTH TO DATE    0                         0      0        0
  SINCE MAR 1      0                         0      0        0
  SINCE JAN 1      0                         0      0        0
..................................................................


WIND (MPH)
  HIGHEST WIND SPEED    31   HIGHEST WIND DIRECTION    NW (300)
  HIGHEST GUST SPEED    36   HIGHEST GUST DIRECTION    NW (310)
  AVERAGE WIND SPEED     5.8


SKY COVER
  POSSIBLE SUNSHINE  MM
  AVERAGE SKY COVER 0.9


WEATHER CONDITIONS
 THE FOLLOWING WEATHER WAS RECORDED TODAY.
  HAIL
  LIGHT SNOW
  SLEET
  HAZE


RELATIVE HUMIDITY (PERCENT)
 HIGHEST    82          1200 AM
 LOWEST     45          1100 AM
 AVERAGE    64

..........................................................


THE MISSOULA MT CLIMATE NORMALS FOR TOMORROW
                         NORMAL    RECORD    YEAR
 MAXIMUM TEMPERATURE (F)   55        75      1990
 MINIMUM TEMPERATURE (F)   31         8      1936


SUNRISE AND SUNSET
APRIL  1 2015.........SUNRISE   716 AM MDT   SUNSET   805 PM MDT
APRIL  2 2015.........SUNRISE   714 AM MDT   SUNSET   807 PM MDT


-  INDICATES NEGATIVE NUMBERS.
R  INDICATES RECORD WAS SET OR TIED.
MM INDICATES DATA IS MISSING.
T  INDICATES TRACE AMOUNT.




$$
